Last updated on 2024-05-04 03:50:30 CEST.
Flavor | Version | Tinstall | Tcheck | Ttotal | Status | Flags |
---|---|---|---|---|---|---|
r-devel-linux-x86_64-debian-clang | 0.1.2 | 227.75 | 30.82 | 258.57 | OK | |
r-devel-linux-x86_64-fedora-clang | 0.1.2 | 416.95 | OK | |||
r-devel-linux-x86_64-fedora-gcc | 0.1.2 | 381.92 | OK | |||
r-devel-windows-x86_64 | 0.1.2 | 218.00 | 87.00 | 305.00 | OK | |
r-patched-linux-x86_64 | 0.1.2 | 222.68 | 29.87 | 252.55 | OK | |
r-release-linux-x86_64 | 0.1.2 | 215.93 | 29.33 | 245.26 | OK | |
r-release-macos-arm64 | 0.1.2 | 62.00 | NOTE | |||
r-release-windows-x86_64 | 0.1.2 | 202.00 | 84.00 | 286.00 | OK | |
r-oldrel-macos-arm64 | 0.1.2 | 75.00 | NOTE | |||
r-oldrel-macos-x86_64 | 0.1.2 | 77.00 | NOTE | |||
r-oldrel-windows-x86_64 | 0.1.2 | 181.00 | 152.00 | 333.00 | OK |
Version: 0.1.2
Check: installed package size
Result: NOTE
installed size is 8.4Mb
sub-directories of 1Mb or more:
libs 8.3Mb
Flavors: r-release-macos-arm64, r-oldrel-macos-arm64, r-oldrel-macos-x86_64
These binaries (installable software) and packages are in development.
They may not be fully stable and should be used with caution. We make no claims about them.