Last updated on 2024-05-04 03:50:30 CEST.
Flavor | Version | Tinstall | Tcheck | Ttotal | Status | Flags |
---|---|---|---|---|---|---|
r-devel-linux-x86_64-debian-clang | 0.0.17 | 77.51 | 33.24 | 110.75 | OK | |
r-devel-linux-x86_64-fedora-clang | 0.0.17 | 132.33 | OK | |||
r-devel-linux-x86_64-fedora-gcc | 0.0.17 | 181.95 | OK | |||
r-devel-windows-x86_64 | 0.0.17 | 69.00 | 76.00 | 145.00 | OK | |
r-patched-linux-x86_64 | 0.0.17 | 83.31 | 32.06 | 115.37 | OK | |
r-release-linux-x86_64 | 0.0.17 | 81.23 | 31.43 | 112.66 | OK | |
r-release-macos-arm64 | 0.0.17 | 72.00 | NOTE | |||
r-release-macos-x86_64 | 0.0.17 | 115.00 | NOTE | |||
r-release-windows-x86_64 | 0.0.17 | 65.00 | 79.00 | 144.00 | OK | |
r-oldrel-macos-arm64 | 0.0.17 | 82.00 | NOTE | |||
r-oldrel-macos-x86_64 | 0.0.17 | 119.00 | NOTE | |||
r-oldrel-windows-x86_64 | 0.0.17 | 78.00 | 138.00 | 216.00 | OK |
Version: 0.0.17
Check: installed package size
Result: NOTE
installed size is 6.8Mb
sub-directories of 1Mb or more:
include 1.1Mb
libs 5.4Mb
Flavors: r-release-macos-arm64, r-release-macos-x86_64, r-oldrel-macos-arm64, r-oldrel-macos-x86_64
These binaries (installable software) and packages are in development.
They may not be fully stable and should be used with caution. We make no claims about them.