Last updated on 2024-05-04 03:50:30 CEST.
Flavor | Version | Tinstall | Tcheck | Ttotal | Status | Flags |
---|---|---|---|---|---|---|
r-devel-linux-x86_64-debian-clang | 0.1.9-1 | 6.51 | 51.97 | 58.48 | NOTE | |
r-devel-linux-x86_64-fedora-clang | 0.1.9-1 | 76.26 | NOTE | |||
r-devel-linux-x86_64-fedora-gcc | 0.1.9-1 | 70.03 | NOTE | |||
r-devel-windows-x86_64 | 0.1.9-1 | 8.00 | 68.00 | 76.00 | NOTE | |
r-patched-linux-x86_64 | 0.1.9-1 | 6.46 | 49.32 | 55.78 | NOTE | |
r-release-linux-x86_64 | 0.1.9-1 | 7.11 | 50.21 | 57.32 | NOTE | |
r-release-macos-arm64 | 0.1.9-1 | 19.00 | NOTE | |||
r-release-windows-x86_64 | 0.1.9-1 | 7.00 | 60.00 | 67.00 | NOTE | |
r-oldrel-macos-arm64 | 0.1.9-1 | 23.00 | NOTE | |||
r-oldrel-macos-x86_64 | 0.1.9-1 | 37.00 | NOTE | |||
r-oldrel-windows-x86_64 | 0.1.9-1 | 10.00 | 65.00 | 75.00 | NOTE |
Version: 0.1.9-1
Check: LazyData
Result: NOTE
'LazyData' is specified without a 'data' directory
Flavors: r-devel-linux-x86_64-debian-clang, r-devel-linux-x86_64-fedora-clang, r-devel-linux-x86_64-fedora-gcc, r-devel-windows-x86_64, r-patched-linux-x86_64, r-release-linux-x86_64, r-release-macos-arm64, r-release-windows-x86_64, r-oldrel-macos-arm64, r-oldrel-macos-x86_64, r-oldrel-windows-x86_64
These binaries (installable software) and packages are in development.
They may not be fully stable and should be used with caution. We make no claims about them.