Last updated on 2024-05-04 03:50:30 CEST.
Flavor | Version | Tinstall | Tcheck | Ttotal | Status | Flags |
---|---|---|---|---|---|---|
r-devel-linux-x86_64-debian-clang | 1.1.2 | 294.85 | 282.26 | 577.11 | NOTE | |
r-devel-linux-x86_64-fedora-clang | 1.1.2 | 775.27 | NOTE | |||
r-devel-linux-x86_64-fedora-gcc | 1.1.2 | 807.79 | NOTE | |||
r-devel-windows-x86_64 | 1.1.2 | 225.00 | 290.00 | 515.00 | NOTE | |
r-patched-linux-x86_64 | 1.1.2 | 268.08 | 263.69 | 531.77 | NOTE | |
r-release-linux-x86_64 | 1.1.2 | 214.61 | 267.08 | 481.69 | NOTE | |
r-release-macos-arm64 | 1.1.2 | 142.00 | NOTE | |||
r-release-macos-x86_64 | 1.1.2 | 256.00 | NOTE | |||
r-release-windows-x86_64 | 1.1.2 | 220.00 | 282.00 | 502.00 | NOTE | |
r-oldrel-macos-arm64 | 1.1.2 | 178.00 | NOTE | |||
r-oldrel-macos-x86_64 | 1.1.2 | 334.00 | NOTE | |||
r-oldrel-windows-x86_64 | 1.1.2 | 278.00 | 345.00 | 623.00 | NOTE |
Version: 1.1.2
Check: C++ specification
Result: NOTE
Specified C++11: please drop specification unless essential
Flavors: r-devel-linux-x86_64-debian-clang, r-devel-linux-x86_64-fedora-clang, r-devel-linux-x86_64-fedora-gcc, r-devel-windows-x86_64, r-patched-linux-x86_64, r-release-linux-x86_64, r-release-macos-arm64, r-release-macos-x86_64, r-release-windows-x86_64, r-oldrel-macos-arm64, r-oldrel-macos-x86_64, r-oldrel-windows-x86_64
Version: 1.1.2
Check: Rd files
Result: NOTE
checkRd: (-1) linear_RNDPROJ.Rd:45: Lost braces; missing escapes or markup?
45 | there is a linear map \eqn{f:R^N} to {R^n} such that
| ^
Flavors: r-devel-linux-x86_64-debian-clang, r-devel-linux-x86_64-fedora-clang, r-devel-linux-x86_64-fedora-gcc, r-devel-windows-x86_64, r-patched-linux-x86_64, r-release-linux-x86_64, r-release-macos-arm64, r-release-windows-x86_64
Version: 1.1.2
Check: installed package size
Result: NOTE
installed size is 5.2Mb
sub-directories of 1Mb or more:
data 1.7Mb
libs 1.6Mb
Flavors: r-devel-linux-x86_64-fedora-clang, r-devel-windows-x86_64, r-release-macos-arm64, r-release-macos-x86_64, r-release-windows-x86_64, r-oldrel-macos-arm64, r-oldrel-macos-x86_64, r-oldrel-windows-x86_64
Version: 1.1.2
Check: Rd cross-references
Result: NOTE
Undeclared package ‘Rtsne’ in Rd xrefs
Flavor: r-devel-linux-x86_64-fedora-clang
These binaries (installable software) and packages are in development.
They may not be fully stable and should be used with caution. We make no claims about them.