Last updated on 2024-05-04 03:50:30 CEST.
Flavor | Version | Tinstall | Tcheck | Ttotal | Status | Flags |
---|---|---|---|---|---|---|
r-devel-linux-x86_64-debian-clang | 1.0.5 | 8.43 | 56.48 | 64.91 | OK | |
r-devel-linux-x86_64-fedora-clang | 1.0.5 | 79.05 | NOTE | |||
r-devel-linux-x86_64-fedora-gcc | 1.0.5 | 91.39 | NOTE | |||
r-devel-windows-x86_64 | 1.0.5 | 10.00 | 65.00 | 75.00 | OK | |
r-patched-linux-x86_64 | 1.0.5 | 7.30 | 52.68 | 59.98 | OK | |
r-release-linux-x86_64 | 1.0.5 | 7.70 | 52.32 | 60.02 | OK | |
r-release-macos-arm64 | 1.0.5 | 39.00 | OK | |||
r-release-windows-x86_64 | 1.0.5 | 8.00 | 63.00 | 71.00 | OK | |
r-oldrel-macos-arm64 | 1.0.5 | 47.00 | OK | |||
r-oldrel-macos-x86_64 | 1.0.5 | 57.00 | OK | |||
r-oldrel-windows-x86_64 | 1.0.5 | 11.00 | 71.00 | 82.00 | OK |
Version: 1.0.5
Check: dependencies in R code
Result: NOTE
Namespace in Imports field not imported from: ‘ggplot2’
All declared Imports should be used.
Flavors: r-devel-linux-x86_64-fedora-clang, r-devel-linux-x86_64-fedora-gcc
These binaries (installable software) and packages are in development.
They may not be fully stable and should be used with caution. We make no claims about them.