Last updated on 2024-05-04 03:50:30 CEST.
Flavor | Version | Tinstall | Tcheck | Ttotal | Status | Flags |
---|---|---|---|---|---|---|
r-devel-linux-x86_64-debian-clang | 0.1.4 | 14.14 | 101.45 | 115.59 | NOTE | |
r-devel-linux-x86_64-fedora-clang | 0.1.4 | 191.46 | OK | |||
r-devel-linux-x86_64-fedora-gcc | 0.1.4 | 176.56 | OK | |||
r-devel-windows-x86_64 | 0.1.4 | 12.00 | 192.00 | 204.00 | OK | |
r-patched-linux-x86_64 | 0.1.4 | 11.58 | 118.41 | 129.99 | OK | |
r-release-linux-x86_64 | 0.1.4 | 6.88 | 121.78 | 128.66 | OK | |
r-release-macos-arm64 | 0.1.4 | 57.00 | NOTE | |||
r-release-macos-x86_64 | 0.1.4 | 150.00 | NOTE | |||
r-release-windows-x86_64 | 0.1.4 | 10.00 | 127.00 | 137.00 | OK | |
r-oldrel-macos-arm64 | 0.1.4 | 64.00 | NOTE | |||
r-oldrel-macos-x86_64 | 0.1.4 | 109.00 | NOTE | |||
r-oldrel-windows-x86_64 | 0.1.4 | 13.00 | 157.00 | 170.00 | OK |
Version: 0.1.4
Check: package dependencies
Result: NOTE
Packages suggested but not available for checking:
'clusterProfiler', 'enrichplot', 'pathview', 'PADOG', 'safe', 'GSVA'
Flavor: r-devel-linux-x86_64-debian-clang
Version: 0.1.4
Check: Rd cross-references
Result: NOTE
Packages unavailable to check Rd xrefs: ‘GSVA’, ‘PADOG’, ‘safe’
Flavor: r-devel-linux-x86_64-debian-clang
Version: 0.1.4
Check: package dependencies
Result: NOTE
Packages suggested but not available for checking: 'PADOG', 'safe'
Flavors: r-release-macos-arm64, r-release-macos-x86_64
Version: 0.1.4
Check: Rd cross-references
Result: NOTE
Packages unavailable to check Rd xrefs: ‘PADOG’, ‘safe’
Flavors: r-release-macos-arm64, r-release-macos-x86_64
Version: 0.1.4
Check: package dependencies
Result: NOTE
Packages suggested but not available for checking: 'PADOG', 'GSVA'
Flavors: r-oldrel-macos-arm64, r-oldrel-macos-x86_64
Version: 0.1.4
Check: Rd cross-references
Result: NOTE
Packages unavailable to check Rd xrefs: ‘GSVA’, ‘PADOG’
Flavors: r-oldrel-macos-arm64, r-oldrel-macos-x86_64
These binaries (installable software) and packages are in development.
They may not be fully stable and should be used with caution. We make no claims about them.