Last updated on 2024-05-04 03:50:30 CEST.
Flavor | Version | Tinstall | Tcheck | Ttotal | Status | Flags |
---|---|---|---|---|---|---|
r-devel-linux-x86_64-debian-clang | 0.24.6 | 5.37 | 36.50 | 41.87 | NOTE | |
r-devel-linux-x86_64-fedora-clang | 0.24.6 | 52.57 | NOTE | |||
r-devel-linux-x86_64-fedora-gcc | 0.24.6 | 50.31 | NOTE | |||
r-devel-windows-x86_64 | 0.24.6 | 7.00 | 57.00 | 64.00 | NOTE | |
r-patched-linux-x86_64 | 0.24.6 | 5.28 | 35.63 | 40.91 | NOTE | |
r-release-linux-x86_64 | 0.24.6 | 5.11 | 35.17 | 40.28 | NOTE | |
r-release-macos-arm64 | 0.24.6 | 19.00 | NOTE | |||
r-release-windows-x86_64 | 0.24.6 | 9.00 | 55.00 | 64.00 | NOTE | |
r-oldrel-macos-arm64 | 0.24.6 | 23.00 | OK | |||
r-oldrel-macos-x86_64 | 0.24.6 | 42.00 | OK | |||
r-oldrel-windows-x86_64 | 0.24.6 | 9.00 | 59.00 | 68.00 | OK |
Version: 0.24.6
Check: Rd files
Result: NOTE
checkRd: (-1) disp.Rd:20: Lost braces; missing escapes or markup?
20 | sum_{i=1}^n a(R(e_i)) * e_i where
| ^
Flavors: r-devel-linux-x86_64-debian-clang, r-devel-linux-x86_64-fedora-clang, r-devel-linux-x86_64-fedora-gcc, r-devel-windows-x86_64, r-patched-linux-x86_64, r-release-linux-x86_64, r-release-macos-arm64, r-release-windows-x86_64
These binaries (installable software) and packages are in development.
They may not be fully stable and should be used with caution. We make no claims about them.