Last updated on 2024-05-04 03:50:31 CEST.
Flavor | Version | Tinstall | Tcheck | Ttotal | Status | Flags |
---|---|---|---|---|---|---|
r-devel-linux-x86_64-debian-clang | 0.3.2 | 307.53 | 85.06 | 392.59 | NOTE | |
r-devel-linux-x86_64-fedora-clang | 0.3.2 | 551.06 | NOTE | |||
r-devel-linux-x86_64-fedora-gcc | 0.3.2 | 589.46 | NOTE | |||
r-devel-windows-x86_64 | 0.3.2 | 232.00 | 103.00 | 335.00 | NOTE | |
r-patched-linux-x86_64 | 0.3.2 | 296.76 | 80.49 | 377.25 | NOTE | |
r-release-linux-x86_64 | 0.3.2 | 312.47 | 77.46 | 389.93 | NOTE | |
r-release-macos-arm64 | 0.3.2 | 112.00 | NOTE | |||
r-release-windows-x86_64 | 0.3.2 | 231.00 | 105.00 | 336.00 | NOTE | |
r-oldrel-macos-arm64 | 0.3.2 | 134.00 | NOTE | |||
r-oldrel-macos-x86_64 | 0.3.2 | 244.00 | NOTE | |||
r-oldrel-windows-x86_64 | 0.3.2 | 281.00 | 128.00 | 409.00 | NOTE |
Version: 0.3.2
Check: C++ specification
Result: NOTE
Specified C++11: please drop specification unless essential
Flavors: r-devel-linux-x86_64-debian-clang, r-devel-linux-x86_64-fedora-clang, r-devel-linux-x86_64-fedora-gcc, r-devel-windows-x86_64, r-patched-linux-x86_64, r-release-linux-x86_64, r-release-macos-arm64, r-release-windows-x86_64, r-oldrel-macos-arm64, r-oldrel-macos-x86_64, r-oldrel-windows-x86_64
Version: 0.3.2
Check: Rd files
Result: NOTE
checkRd: (-1) basic_GS.Rd:42: Lost braces; missing escapes or markup?
42 | \eqn{L} and {U} are strictly lower/upper triangular matrix respectively.
| ^
checkRd: (-1) basic_SOR.Rd:45: Lost braces; missing escapes or markup?
45 | \eqn{L} and {U} are strictly lower/upper triangular matrix respectively.
| ^
checkRd: (-1) basic_SSOR.Rd:45: Lost braces; missing escapes or markup?
45 | \eqn{L} and {U} are strictly lower/upper triangular matrix respectively.
| ^
Flavors: r-devel-linux-x86_64-debian-clang, r-devel-linux-x86_64-fedora-clang, r-devel-linux-x86_64-fedora-gcc, r-devel-windows-x86_64, r-patched-linux-x86_64, r-release-linux-x86_64, r-release-macos-arm64, r-release-windows-x86_64
Version: 0.3.2
Check: installed package size
Result: NOTE
installed size is 12.5Mb
sub-directories of 1Mb or more:
libs 12.3Mb
Flavors: r-release-macos-arm64, r-oldrel-macos-arm64, r-oldrel-macos-x86_64
These binaries (installable software) and packages are in development.
They may not be fully stable and should be used with caution. We make no claims about them.