Last updated on 2024-05-04 03:50:31 CEST.
Flavor | Version | Tinstall | Tcheck | Ttotal | Status | Flags |
---|---|---|---|---|---|---|
r-devel-linux-x86_64-debian-clang | 1.2.1 | 13.74 | 37.48 | 51.22 | OK | |
r-devel-linux-x86_64-fedora-clang | 1.2.1 | 66.94 | NOTE | |||
r-devel-linux-x86_64-fedora-gcc | 1.2.1 | 65.61 | OK | |||
r-devel-windows-x86_64 | 1.2.1 | 22.00 | 52.00 | 74.00 | NOTE | |
r-patched-linux-x86_64 | 1.2.1 | 15.27 | 38.25 | 53.52 | OK | |
r-release-linux-x86_64 | 1.2.1 | 13.37 | 36.58 | 49.95 | OK | |
r-release-macos-arm64 | 1.2.1 | 29.00 | NOTE | |||
r-release-macos-x86_64 | 1.2.1 | 82.00 | NOTE | |||
r-release-windows-x86_64 | 1.2.1 | 22.00 | 53.00 | 75.00 | NOTE | |
r-oldrel-macos-arm64 | 1.2.1 | 36.00 | NOTE | |||
r-oldrel-macos-x86_64 | 1.2.1 | 77.00 | NOTE | |||
r-oldrel-windows-x86_64 | 1.2.1 | 29.00 | 49.00 | 78.00 | NOTE |
Version: 1.2.1
Check: installed package size
Result: NOTE
installed size is 11.3Mb
sub-directories of 1Mb or more:
R 11.2Mb
Flavors: r-devel-linux-x86_64-fedora-clang, r-devel-windows-x86_64, r-release-macos-arm64, r-release-macos-x86_64, r-release-windows-x86_64, r-oldrel-macos-arm64, r-oldrel-macos-x86_64, r-oldrel-windows-x86_64
These binaries (installable software) and packages are in development.
They may not be fully stable and should be used with caution. We make no claims about them.