Last updated on 2024-05-04 03:50:31 CEST.
Flavor | Version | Tinstall | Tcheck | Ttotal | Status | Flags |
---|---|---|---|---|---|---|
r-devel-linux-x86_64-debian-clang | 1.1.4 | 124.18 | 513.42 | 637.60 | OK | |
r-devel-linux-x86_64-fedora-clang | 1.1.4 | 795.09 | OK | |||
r-devel-linux-x86_64-fedora-gcc | 1.1.4 | 819.38 | OK | |||
r-devel-windows-x86_64 | 1.1.4 | 88.00 | 373.00 | 461.00 | OK | |
r-patched-linux-x86_64 | 1.1.4 | 74.89 | 468.57 | 543.46 | OK | |
r-release-linux-x86_64 | 1.1.4 | 87.19 | 461.01 | 548.20 | OK | |
r-release-macos-arm64 | 1.1.4 | 193.00 | NOTE | |||
r-release-macos-x86_64 | 1.1.4 | 429.00 | NOTE | |||
r-release-windows-x86_64 | 1.1.4 | 91.00 | 360.00 | 451.00 | OK | |
r-oldrel-macos-arm64 | 1.1.4 | 201.00 | NOTE | |||
r-oldrel-macos-x86_64 | 1.1.4 | 493.00 | NOTE | |||
r-oldrel-windows-x86_64 | 1.1.4 | 113.00 | 488.00 | 601.00 | OK |
Version: 1.1.4
Check: installed package size
Result: NOTE
installed size is 7.7Mb
sub-directories of 1Mb or more:
doc 1.4Mb
libs 5.7Mb
Flavors: r-release-macos-arm64, r-release-macos-x86_64, r-oldrel-macos-arm64, r-oldrel-macos-x86_64
These binaries (installable software) and packages are in development.
They may not be fully stable and should be used with caution. We make no claims about them.