Last updated on 2025-10-23 19:50:30 CEST.
Flavor | Version | Tinstall | Tcheck | Ttotal | Status | Flags |
---|---|---|---|---|---|---|
r-devel-linux-x86_64-debian-clang | 0.0.1 | 80.81 | 38.51 | 119.32 | OK | |
r-devel-linux-x86_64-debian-gcc | 0.0.1 | 60.41 | 29.84 | 90.25 | OK | |
r-devel-linux-x86_64-fedora-clang | 0.0.1 | 331.00 | -89.04 | 241.96 | OK | |
r-devel-linux-x86_64-fedora-gcc | 0.0.1 | 112.00 | 119.28 | 231.28 | OK | |
r-devel-windows-x86_64 | 0.0.1 | 92.00 | 88.00 | 180.00 | OK | |
r-patched-linux-x86_64 | 0.0.1 | 92.62 | 37.19 | 129.81 | OK | |
r-release-linux-x86_64 | 0.0.1 | 92.28 | 37.00 | 129.28 | OK | |
r-release-macos-arm64 | 0.0.1 | 30.00 | 19.00 | 49.00 | OK | |
r-release-macos-x86_64 | 0.0.1 | 44.00 | 46.00 | 90.00 | OK | |
r-release-windows-x86_64 | 0.0.1 | 88.00 | 89.00 | 177.00 | OK | |
r-oldrel-macos-arm64 | 0.0.1 | 30.00 | 25.00 | 55.00 | NOTE | |
r-oldrel-macos-x86_64 | 0.0.1 | 40.00 | 37.00 | 77.00 | NOTE | |
r-oldrel-windows-x86_64 | 0.0.1 | 110.00 | 101.00 | 211.00 | OK |
Version: 0.0.1
Check: installed package size
Result: NOTE
installed size is 7.5Mb
sub-directories of 1Mb or more:
libs 7.3Mb
Flavors: r-oldrel-macos-arm64, r-oldrel-macos-x86_64
These binaries (installable software) and packages are in development.
They may not be fully stable and should be used with caution. We make no claims about them.