Last updated on 2025-10-23 21:51:40 CEST.
Flavor | Version | Tinstall | Tcheck | Ttotal | Status | Flags |
---|---|---|---|---|---|---|
r-devel-linux-x86_64-debian-clang | 0.41 | 48.74 | 99.66 | 148.40 | OK | |
r-devel-linux-x86_64-debian-gcc | 0.41 | 41.18 | 71.44 | 112.62 | NOTE | |
r-devel-linux-x86_64-fedora-clang | 0.41 | 305.00 | -68.89 | 236.11 | OK | |
r-devel-linux-x86_64-fedora-gcc | 0.41 | 118.00 | 131.73 | 249.73 | OK | |
r-devel-windows-x86_64 | 0.41 | 108.00 | 148.00 | 256.00 | OK | |
r-patched-linux-x86_64 | 0.41 | 50.40 | 94.63 | 145.03 | OK | |
r-release-linux-x86_64 | 0.41 | 47.92 | 95.91 | 143.83 | OK | |
r-release-macos-arm64 | 0.41 | 36.00 | 102.00 | 138.00 | OK | |
r-release-macos-x86_64 | 0.41 | 72.00 | 186.00 | 258.00 | OK | |
r-release-windows-x86_64 | 0.41 | 110.00 | 153.00 | 263.00 | OK | |
r-oldrel-macos-arm64 | 0.41 | 36.00 | 82.00 | 118.00 | OK | |
r-oldrel-macos-x86_64 | 0.41 | 68.00 | 188.00 | 256.00 | OK | |
r-oldrel-windows-x86_64 | 0.41 | 125.00 | 169.00 | 294.00 | OK |
Version: 0.41
Check: Rd files
Result: NOTE
checkRd: (-1) use.aux.urng-method.Rd:111-120: Only 3 columns allowed in this table (row 7 has 1)
Flavor: r-devel-linux-x86_64-debian-gcc
These binaries (installable software) and packages are in development.
They may not be fully stable and should be used with caution. We make no claims about them.