Last updated on 2024-05-04 03:50:32 CEST.
Flavor | Version | Tinstall | Tcheck | Ttotal | Status | Flags |
---|---|---|---|---|---|---|
r-devel-linux-x86_64-debian-clang | 0.1.1 | 5.90 | 42.43 | 48.33 | OK | |
r-devel-linux-x86_64-fedora-clang | 0.1.1 | 59.22 | NOTE | |||
r-devel-linux-x86_64-fedora-gcc | 0.1.1 | 69.31 | NOTE | |||
r-devel-windows-x86_64 | 0.1.1 | 7.00 | 66.00 | 73.00 | OK | |
r-patched-linux-x86_64 | 0.1.1 | 6.97 | 40.60 | 47.57 | OK | |
r-release-linux-x86_64 | 0.1.1 | 4.26 | 40.81 | 45.07 | OK | |
r-release-macos-arm64 | 0.1.1 | 27.00 | OK | |||
r-release-windows-x86_64 | 0.1.1 | 6.00 | 65.00 | 71.00 | OK | |
r-oldrel-macos-arm64 | 0.1.1 | 28.00 | OK | |||
r-oldrel-macos-x86_64 | 0.1.1 | 44.00 | OK | |||
r-oldrel-windows-x86_64 | 0.1.1 | 7.00 | 68.00 | 75.00 | OK |
Version: 0.1.1
Check: data for non-ASCII characters
Result: NOTE
Note: found 51 marked UTF-8 strings
Flavors: r-devel-linux-x86_64-fedora-clang, r-devel-linux-x86_64-fedora-gcc
These binaries (installable software) and packages are in development.
They may not be fully stable and should be used with caution. We make no claims about them.