Last updated on 2024-05-04 03:50:32 CEST.
Flavor | Version | Tinstall | Tcheck | Ttotal | Status | Flags |
---|---|---|---|---|---|---|
r-devel-linux-x86_64-debian-clang | 2.0.1 | 295.01 | 980.33 | 1275.34 | OK | |
r-devel-linux-x86_64-fedora-clang | 2.0.1 | 1538.14 | NOTE | |||
r-devel-linux-x86_64-fedora-gcc | 2.0.1 | 1432.40 | OK | |||
r-devel-windows-x86_64 | 2.0.1 | 211.00 | 413.00 | 624.00 | NOTE | |
r-patched-linux-x86_64 | 2.0.1 | 266.47 | 896.00 | 1162.47 | OK | |
r-release-linux-x86_64 | 2.0.1 | 260.20 | 903.17 | 1163.37 | OK | |
r-release-macos-arm64 | 2.0.1 | 254.00 | NOTE | |||
r-release-windows-x86_64 | 2.0.1 | 217.00 | 466.00 | 683.00 | NOTE | |
r-oldrel-macos-arm64 | 2.0.1 | 283.00 | NOTE | |||
r-oldrel-macos-x86_64 | 2.0.1 | 574.00 | NOTE | |||
r-oldrel-windows-x86_64 | 2.0.1 | 307.00 | 651.00 | 958.00 | NOTE |
Version: 2.0.1
Check: installed package size
Result: NOTE
installed size is 8.5Mb
sub-directories of 1Mb or more:
R 7.8Mb
Flavors: r-devel-linux-x86_64-fedora-clang, r-devel-windows-x86_64, r-release-macos-arm64, r-release-windows-x86_64, r-oldrel-macos-arm64, r-oldrel-macos-x86_64, r-oldrel-windows-x86_64
These binaries (installable software) and packages are in development.
They may not be fully stable and should be used with caution. We make no claims about them.