Last updated on 2025-10-25 11:48:47 CEST.
| Flavor | Version | Tinstall | Tcheck | Ttotal | Status | Flags |
|---|---|---|---|---|---|---|
| r-devel-linux-x86_64-debian-clang | 1.0-4 | 3.12 | 27.36 | 30.48 | NOTE | |
| r-devel-linux-x86_64-debian-gcc | 1.0-4 | 2.41 | 21.33 | 23.74 | NOTE | |
| r-devel-linux-x86_64-fedora-clang | 1.0-4 | 17.00 | 31.83 | 48.83 | OK | |
| r-devel-linux-x86_64-fedora-gcc | 1.0-4 | 44.62 | OK | |||
| r-devel-windows-x86_64 | 1.0-4 | 7.00 | 47.00 | 54.00 | OK | |
| r-patched-linux-x86_64 | 1.0-4 | 3.00 | 25.92 | 28.92 | OK | |
| r-release-linux-x86_64 | 1.0-4 | 2.94 | 25.96 | 28.90 | OK | |
| r-release-macos-arm64 | 1.0-4 | 3.00 | 17.00 | 20.00 | OK | |
| r-release-macos-x86_64 | 1.0-4 | 4.00 | 26.00 | 30.00 | OK | |
| r-release-windows-x86_64 | 1.0-4 | 6.00 | 49.00 | 55.00 | OK | |
| r-oldrel-macos-arm64 | 1.0-4 | 2.00 | 16.00 | 18.00 | OK | |
| r-oldrel-macos-x86_64 | 1.0-4 | 3.00 | 23.00 | 26.00 | OK | |
| r-oldrel-windows-x86_64 | 1.0-4 | 7.00 | 57.00 | 64.00 | OK |
Version: 1.0-4
Check: CRAN incoming feasibility
Result: NOTE
Maintainer: ‘Bjoern Bornkamp <bbnkmp@mail.de>’
No Authors@R field in DESCRIPTION.
Please add one, modifying
Authors@R: person(given = "Bjoern",
family = "Bornkamp",
role = c("aut", "cre"),
email = "bbnkmp@mail.de")
as necessary.
Flavors: r-devel-linux-x86_64-debian-clang, r-devel-linux-x86_64-debian-gcc
These binaries (installable software) and packages are in development.
They may not be fully stable and should be used with caution. We make no claims about them.