Last updated on 2024-05-04 03:50:33 CEST.
Flavor | Version | Tinstall | Tcheck | Ttotal | Status | Flags |
---|---|---|---|---|---|---|
r-devel-linux-x86_64-debian-clang | 2.1-0.0 | 81.76 | 341.32 | 423.08 | OK | |
r-devel-linux-x86_64-fedora-clang | 2.1-0.0 | 507.69 | NOTE | |||
r-devel-linux-x86_64-fedora-gcc | 2.1-0.0 | 493.61 | OK | |||
r-devel-windows-x86_64 | 2.1-0.0 | 56.00 | 218.00 | 274.00 | NOTE | |
r-patched-linux-x86_64 | 2.1-0.0 | 64.99 | 324.28 | 389.27 | OK | |
r-release-linux-x86_64 | 2.1-0.0 | 49.82 | 322.60 | 372.42 | OK | |
r-release-macos-arm64 | 2.1-0.0 | 125.00 | NOTE | |||
r-release-windows-x86_64 | 2.1-0.0 | 56.00 | 218.00 | 274.00 | NOTE | |
r-oldrel-macos-arm64 | 2.1-0.0 | 160.00 | NOTE | |||
r-oldrel-macos-x86_64 | 2.1-0.0 | 325.00 | NOTE | |||
r-oldrel-windows-x86_64 | 2.1-0.0 | 77.00 | 288.00 | 365.00 | NOTE |
Version: 2.1-0.0
Check: package dependencies
Result: NOTE
Imports includes 22 non-default packages.
Importing from so many packages makes the package vulnerable to any of
them becoming unavailable. Move as many as possible to Suggests and
use conditionally.
Flavor: r-devel-linux-x86_64-fedora-clang
Version: 2.1-0.0
Check: installed package size
Result: NOTE
installed size is 6.5Mb
sub-directories of 1Mb or more:
R 1.3Mb
doc 3.8Mb
Flavors: r-devel-linux-x86_64-fedora-clang, r-devel-windows-x86_64, r-release-macos-arm64, r-release-windows-x86_64, r-oldrel-macos-arm64, r-oldrel-macos-x86_64, r-oldrel-windows-x86_64
These binaries (installable software) and packages are in development.
They may not be fully stable and should be used with caution. We make no claims about them.