Last updated on 2024-05-04 03:50:33 CEST.
Flavor | Version | Tinstall | Tcheck | Ttotal | Status | Flags |
---|---|---|---|---|---|---|
r-devel-linux-x86_64-debian-clang | 27.0-0.0 | 80.51 | 56.29 | 136.80 | OK | |
r-devel-linux-x86_64-fedora-clang | 27.0-0.0 | 183.07 | NOTE | |||
r-devel-linux-x86_64-fedora-gcc | 27.0-0.0 | 191.96 | OK | |||
r-devel-windows-x86_64 | 27.0-0.0 | 69.00 | 67.00 | 136.00 | NOTE | |
r-patched-linux-x86_64 | 27.0-0.0 | 76.90 | 56.26 | 133.16 | OK | |
r-release-linux-x86_64 | 27.0-0.0 | 73.98 | 54.85 | 128.83 | OK | |
r-release-macos-arm64 | 27.0-0.0 | 78.00 | NOTE | |||
r-release-windows-x86_64 | 27.0-0.0 | 64.00 | 62.00 | 126.00 | NOTE | |
r-oldrel-macos-arm64 | 27.0-0.0 | 89.00 | NOTE | |||
r-oldrel-macos-x86_64 | 27.0-0.0 | 204.00 | NOTE | |||
r-oldrel-windows-x86_64 | 27.0-0.0 | 66.00 | 69.00 | 135.00 | NOTE |
Version: 27.0-0.0
Check: installed package size
Result: NOTE
installed size is 6.9Mb
sub-directories of 1Mb or more:
data 6.7Mb
Flavors: r-devel-linux-x86_64-fedora-clang, r-devel-windows-x86_64, r-release-macos-arm64, r-release-windows-x86_64, r-oldrel-macos-arm64, r-oldrel-macos-x86_64, r-oldrel-windows-x86_64
These binaries (installable software) and packages are in development.
They may not be fully stable and should be used with caution. We make no claims about them.