Last updated on 2024-05-04 03:50:33 CEST.
Flavor | Version | Tinstall | Tcheck | Ttotal | Status | Flags |
---|---|---|---|---|---|---|
r-devel-linux-x86_64-debian-clang | 1.1.0 | 3.44 | 30.89 | 34.33 | OK | |
r-devel-linux-x86_64-fedora-clang | 1.1.0 | 42.45 | NOTE | |||
r-devel-linux-x86_64-fedora-gcc | 1.1.0 | 39.64 | NOTE | |||
r-devel-windows-x86_64 | 1.1.0 | 5.00 | 45.00 | 50.00 | OK | |
r-patched-linux-x86_64 | 1.1.0 | 3.13 | 29.93 | 33.06 | OK | |
r-release-linux-x86_64 | 1.1.0 | 3.12 | 29.60 | 32.72 | OK | |
r-release-macos-arm64 | 1.1.0 | 17.00 | OK | |||
r-release-windows-x86_64 | 1.1.0 | 5.00 | 46.00 | 51.00 | OK | |
r-oldrel-macos-arm64 | 1.1.0 | 19.00 | OK | |||
r-oldrel-macos-x86_64 | 1.1.0 | 24.00 | OK | |||
r-oldrel-windows-x86_64 | 1.1.0 | 5.00 | 46.00 | 51.00 | OK |
Version: 1.1.0
Check: dependencies in R code
Result: NOTE
Namespaces in Imports field not imported from:
‘dplyr’ ‘magrittr’ ‘psych’ ‘stringr’
All declared Imports should be used.
Flavors: r-devel-linux-x86_64-fedora-clang, r-devel-linux-x86_64-fedora-gcc
These binaries (installable software) and packages are in development.
They may not be fully stable and should be used with caution. We make no claims about them.