Last updated on 2025-10-24 03:50:45 CEST.
| Flavor | Version | Tinstall | Tcheck | Ttotal | Status | Flags |
|---|---|---|---|---|---|---|
| r-devel-linux-x86_64-debian-clang | 0.2.4 | 40.66 | 82.43 | 123.09 | NOTE | |
| r-devel-linux-x86_64-debian-gcc | 0.2.4 | 32.98 | 57.15 | 90.13 | NOTE | |
| r-devel-linux-x86_64-fedora-clang | 0.2.4 | 133.00 | 77.04 | 210.04 | OK | |
| r-devel-linux-x86_64-fedora-gcc | 0.2.4 | 111.00 | 98.39 | 209.39 | OK | |
| r-devel-windows-x86_64 | 0.2.4 | 44.00 | 106.00 | 150.00 | OK | |
| r-patched-linux-x86_64 | 0.2.4 | 44.26 | 79.19 | 123.45 | OK | |
| r-release-linux-x86_64 | 0.2.4 | 43.03 | 78.49 | 121.52 | OK | |
| r-release-macos-arm64 | 0.2.4 | 18.00 | 30.00 | 48.00 | OK | |
| r-release-macos-x86_64 | 0.2.4 | 31.00 | 53.00 | 84.00 | OK | |
| r-release-windows-x86_64 | 0.2.4 | 44.00 | 110.00 | 154.00 | OK | |
| r-oldrel-macos-arm64 | 0.2.4 | 18.00 | 32.00 | 50.00 | NOTE | |
| r-oldrel-macos-x86_64 | 0.2.4 | 25.00 | 43.00 | 68.00 | NOTE | |
| r-oldrel-windows-x86_64 | 0.2.4 | 56.00 | 140.00 | 196.00 | OK |
Version: 0.2.4
Check: CRAN incoming feasibility
Result: NOTE
Maintainer: ‘Hanmo Li <hanmo@pstat.ucsb.edu>’
The Description field contains
Mengyang Gu (2023), <arXiv:2310.18611>.
Please refer to arXiv e-prints via their arXiv DOI <doi:10.48550/arXiv.YYMM.NNNNN>.
Flavors: r-devel-linux-x86_64-debian-clang, r-devel-linux-x86_64-debian-gcc
Version: 0.2.4
Check: installed package size
Result: NOTE
installed size is 15.5Mb
sub-directories of 1Mb or more:
libs 15.3Mb
Flavors: r-oldrel-macos-arm64, r-oldrel-macos-x86_64
These binaries (installable software) and packages are in development.
They may not be fully stable and should be used with caution. We make no claims about them.