Last updated on 2024-05-04 03:50:33 CEST.
Flavor | Version | Tinstall | Tcheck | Ttotal | Status | Flags |
---|---|---|---|---|---|---|
r-devel-linux-x86_64-debian-clang | 0.0.4 | 52.90 | 277.10 | 330.00 | NOTE | |
r-devel-linux-x86_64-fedora-clang | 0.0.4 | 406.85 | NOTE | |||
r-devel-linux-x86_64-fedora-gcc | 0.0.4 | 389.87 | NOTE | |||
r-devel-windows-x86_64 | 0.0.4 | 40.00 | 194.00 | 234.00 | NOTE | |
r-patched-linux-x86_64 | 0.0.4 | 44.42 | 258.93 | 303.35 | NOTE | |
r-release-linux-x86_64 | 0.0.4 | 33.91 | 257.23 | 291.14 | NOTE | |
r-release-macos-arm64 | 0.0.4 | 138.00 | NOTE | |||
r-release-windows-x86_64 | 0.0.4 | 44.00 | 192.00 | 236.00 | NOTE | |
r-oldrel-macos-arm64 | 0.0.4 | 120.00 | NOTE | |||
r-oldrel-macos-x86_64 | 0.0.4 | 196.00 | NOTE | |||
r-oldrel-windows-x86_64 | 0.0.4 | 58.00 | 237.00 | 295.00 | NOTE |
Version: 0.0.4
Check: Rd files
Result: NOTE
checkRd: (-1) outliers.hdts.Rd:44: Lost braces; missing escapes or markup?
44 | \item I.cov.rob - The matrix (V'GnV)^{-1} used to compute the statistics to detect the idiosyncratic outliers.
| ^
Flavors: r-devel-linux-x86_64-debian-clang, r-devel-linux-x86_64-fedora-clang, r-devel-linux-x86_64-fedora-gcc, r-devel-windows-x86_64, r-patched-linux-x86_64, r-release-linux-x86_64, r-release-macos-arm64, r-release-windows-x86_64
Version: 0.0.4
Check: installed package size
Result: NOTE
installed size is 5.5Mb
sub-directories of 1Mb or more:
data 5.1Mb
Flavors: r-devel-linux-x86_64-fedora-clang, r-devel-windows-x86_64, r-release-macos-arm64, r-release-windows-x86_64, r-oldrel-macos-arm64, r-oldrel-macos-x86_64, r-oldrel-windows-x86_64
Version: 0.0.4
Check: data for non-ASCII characters
Result: NOTE
Note: found 23 marked UTF-8 strings
Flavors: r-devel-linux-x86_64-fedora-clang, r-devel-linux-x86_64-fedora-gcc
These binaries (installable software) and packages are in development.
They may not be fully stable and should be used with caution. We make no claims about them.