Last updated on 2024-05-04 03:50:34 CEST.
Flavor | Version | Tinstall | Tcheck | Ttotal | Status | Flags |
---|---|---|---|---|---|---|
r-devel-linux-x86_64-debian-clang | 2024.1.31 | 114.27 | 126.95 | 241.22 | OK | |
r-devel-linux-x86_64-fedora-clang | 2024.1.31 | 281.06 | OK | |||
r-devel-linux-x86_64-fedora-gcc | 2024.1.31 | 346.77 | OK | |||
r-devel-windows-x86_64 | 2024.1.31 | 79.00 | 125.00 | 204.00 | NOTE | |
r-patched-linux-x86_64 | 2024.1.31 | 118.89 | 123.84 | 242.73 | OK | |
r-release-linux-x86_64 | 2024.1.31 | 121.94 | 124.29 | 246.23 | OK | |
r-release-macos-arm64 | 2024.1.31 | 88.00 | NOTE | |||
r-release-macos-x86_64 | 2024.1.31 | 255.00 | NOTE | |||
r-release-windows-x86_64 | 2024.1.31 | 83.00 | 127.00 | 210.00 | NOTE | |
r-oldrel-macos-arm64 | 2024.1.31 | 93.00 | NOTE | |||
r-oldrel-macos-x86_64 | 2024.1.31 | 208.00 | NOTE | |||
r-oldrel-windows-x86_64 | 2024.1.31 | 104.00 | 155.00 | 259.00 | NOTE |
Version: 2024.1.31
Check: installed package size
Result: NOTE
installed size is 13.4Mb
sub-directories of 1Mb or more:
libs 12.6Mb
Flavors: r-devel-windows-x86_64, r-release-macos-arm64, r-release-macos-x86_64, r-release-windows-x86_64, r-oldrel-macos-arm64, r-oldrel-macos-x86_64, r-oldrel-windows-x86_64
These binaries (installable software) and packages are in development.
They may not be fully stable and should be used with caution. We make no claims about them.