Last updated on 2024-05-04 03:50:34 CEST.
Flavor | Version | Tinstall | Tcheck | Ttotal | Status | Flags |
---|---|---|---|---|---|---|
r-devel-linux-x86_64-debian-clang | 1.0.0 | 29.63 | 394.98 | 424.61 | OK | |
r-devel-linux-x86_64-fedora-clang | 1.0.0 | 524.19 | OK | |||
r-devel-linux-x86_64-fedora-gcc | 1.0.0 | 557.63 | OK | |||
r-devel-windows-x86_64 | 1.0.0 | 24.00 | 296.00 | 320.00 | OK | |
r-patched-linux-x86_64 | 1.0.0 | 25.98 | 383.71 | 409.69 | OK | |
r-release-linux-x86_64 | 1.0.0 | 17.20 | 383.78 | 400.98 | OK | |
r-release-macos-arm64 | 1.0.0 | 164.00 | NOTE | |||
r-release-windows-x86_64 | 1.0.0 | 25.00 | 302.00 | 327.00 | OK | |
r-oldrel-macos-arm64 | 1.0.0 | 163.00 | NOTE | |||
r-oldrel-macos-x86_64 | 1.0.0 | 390.00 | NOTE | |||
r-oldrel-windows-x86_64 | 1.0.0 | 35.00 | 459.00 | 494.00 | OK |
Version: 1.0.0
Check: installed package size
Result: NOTE
installed size is 5.5Mb
sub-directories of 1Mb or more:
data 4.8Mb
Flavors: r-release-macos-arm64, r-oldrel-macos-arm64, r-oldrel-macos-x86_64
These binaries (installable software) and packages are in development.
They may not be fully stable and should be used with caution. We make no claims about them.