Last updated on 2024-05-04 03:50:35 CEST.
Flavor | Version | Tinstall | Tcheck | Ttotal | Status | Flags |
---|---|---|---|---|---|---|
r-devel-linux-x86_64-debian-clang | 0.99.6 | 28.52 | 308.89 | 337.41 | OK | |
r-devel-linux-x86_64-fedora-clang | 0.99.6 | 438.73 | NOTE | |||
r-devel-linux-x86_64-fedora-gcc | 0.99.6 | 433.62 | OK | |||
r-devel-windows-x86_64 | 0.99.6 | 23.00 | 235.00 | 258.00 | OK | |
r-patched-linux-x86_64 | 0.99.6 | 26.44 | 294.51 | 320.95 | OK | |
r-release-linux-x86_64 | 0.99.6 | 24.97 | 292.73 | 317.70 | OK | |
r-release-macos-arm64 | 0.99.6 | 113.00 | OK | |||
r-release-macos-x86_64 | 0.99.6 | 214.00 | OK | |||
r-release-windows-x86_64 | 0.99.6 | 24.00 | 214.00 | 238.00 | OK | |
r-oldrel-macos-arm64 | 0.99.6 | 120.00 | OK | |||
r-oldrel-macos-x86_64 | 0.99.6 | 212.00 | OK | |||
r-oldrel-windows-x86_64 | 0.99.6 | 31.00 | 279.00 | 310.00 | OK |
Version: 0.99.6
Check: package dependencies
Result: NOTE
Imports includes 22 non-default packages.
Importing from so many packages makes the package vulnerable to any of
them becoming unavailable. Move as many as possible to Suggests and
use conditionally.
Flavor: r-devel-linux-x86_64-fedora-clang
These binaries (installable software) and packages are in development.
They may not be fully stable and should be used with caution. We make no claims about them.