Last updated on 2024-05-04 03:50:32 CEST.
Flavor | Version | Tinstall | Tcheck | Ttotal | Status | Flags |
---|---|---|---|---|---|---|
r-devel-linux-x86_64-debian-clang | 1.1.1 | 0.53 | 2.31 | 2.84 | ERROR | |
r-devel-linux-x86_64-fedora-clang | 1.1.1 | 114.53 | NOTE | |||
r-devel-linux-x86_64-fedora-gcc | 1.1.1 | 111.32 | NOTE | |||
r-devel-windows-x86_64 | 1.1.1 | 8.00 | 80.00 | 88.00 | OK | |
r-patched-linux-x86_64 | 1.1.1 | 3.93 | 74.96 | 78.89 | OK | |
r-release-linux-x86_64 | 1.1.1 | 3.75 | 72.36 | 76.11 | OK | |
r-release-macos-arm64 | 1.1.1 | 6.00 | ERROR | |||
r-release-macos-x86_64 | 1.1.1 | 72.00 | OK | |||
r-release-windows-x86_64 | 1.1.1 | 8.00 | 78.00 | 86.00 | OK | |
r-oldrel-macos-arm64 | 1.1.1 | 10.00 | ERROR | |||
r-oldrel-macos-x86_64 | 1.1.1 | 7.00 | ERROR | |||
r-oldrel-windows-x86_64 | 1.1.1 | 9.00 | 94.00 | 103.00 | OK |
Version: 1.1.1
Check: package dependencies
Result: ERROR
Packages required but not available:
'msa', 'AnnotationHub', 'GenomicFeatures'
Package suggested but not available for checking: ‘org.Rn.eg.db’
See section ‘The DESCRIPTION file’ in the ‘Writing R Extensions’
manual.
Flavor: r-devel-linux-x86_64-debian-clang
Version: 1.1.1
Check: dependencies in R code
Result: NOTE
Namespaces in Imports field not imported from:
‘cowplot’ ‘testit’
All declared Imports should be used.
Flavors: r-devel-linux-x86_64-fedora-clang, r-devel-linux-x86_64-fedora-gcc
Version: 1.1.1
Check: package dependencies
Result: ERROR
Package required but not available: ‘ggmsa’
Package suggested but not available for checking: ‘org.Rn.eg.db’
See section ‘The DESCRIPTION file’ in the ‘Writing R Extensions’
manual.
Flavor: r-release-macos-arm64
Version: 1.1.1
Check: package dependencies
Result: ERROR
Packages required but not available: 'ggmsa', 'msa'
Package suggested but not available for checking: ‘org.Rn.eg.db’
See section ‘The DESCRIPTION file’ in the ‘Writing R Extensions’
manual.
Flavors: r-oldrel-macos-arm64, r-oldrel-macos-x86_64
These binaries (installable software) and packages are in development.
They may not be fully stable and should be used with caution. We make no claims about them.