Last updated on 2024-05-04 03:50:33 CEST.
Flavor | Version | Tinstall | Tcheck | Ttotal | Status | Flags |
---|---|---|---|---|---|---|
r-devel-linux-x86_64-debian-clang | 2.2.2 | 21.94 | 152.67 | 174.61 | OK | |
r-devel-linux-x86_64-fedora-clang | 2.2.2 | 238.87 | OK | |||
r-devel-linux-x86_64-fedora-gcc | 2.2.2 | 246.51 | OK | |||
r-devel-windows-x86_64 | 2.2.2 | 18.00 | 130.00 | 148.00 | OK | |
r-patched-linux-x86_64 | 2.2.2 | 20.89 | 148.68 | 169.57 | OK | |
r-release-linux-x86_64 | 2.2.2 | 18.99 | 145.48 | 164.47 | OK | |
r-release-macos-arm64 | 2.2.2 | 61.00 | OK | |||
r-release-macos-x86_64 | 2.2.2 | 129.00 | NOTE | |||
r-release-windows-x86_64 | 2.2.2 | 19.00 | 132.00 | 151.00 | OK | |
r-oldrel-macos-arm64 | 2.2.2 | 71.00 | OK | |||
r-oldrel-macos-x86_64 | 2.2.2 | 119.00 | OK | |||
r-oldrel-windows-x86_64 | 2.2.2 | 23.00 | 159.00 | 182.00 | OK |
Version: 2.2.2
Check: package dependencies
Result: NOTE
Package suggested but not available for checking: ‘mixOmics’
Flavor: r-release-macos-x86_64
These binaries (installable software) and packages are in development.
They may not be fully stable and should be used with caution. We make no claims about them.