Last updated on 2025-10-24 03:50:44 CEST.
| Flavor | Version | Tinstall | Tcheck | Ttotal | Status | Flags |
|---|---|---|---|---|---|---|
| r-devel-linux-x86_64-debian-clang | 1.0 | 2.46 | 26.03 | 28.49 | OK | |
| r-devel-linux-x86_64-debian-gcc | 1.0 | 1.82 | 21.39 | 23.21 | OK | |
| r-devel-linux-x86_64-fedora-clang | 1.0 | 42.82 | OK | |||
| r-devel-linux-x86_64-fedora-gcc | 1.0 | 42.52 | OK | |||
| r-devel-windows-x86_64 | 1.0 | 4.00 | 43.00 | 47.00 | OK | |
| r-patched-linux-x86_64 | 1.0 | 2.41 | 25.27 | 27.68 | OK | |
| r-release-linux-x86_64 | 1.0 | 2.33 | 25.26 | 27.59 | OK | |
| r-release-macos-arm64 | 1.0 | 2.00 | 17.00 | 19.00 | OK | |
| r-release-macos-x86_64 | 1.0 | 2.00 | 22.00 | 24.00 | OK | |
| r-release-windows-x86_64 | 1.0 | 4.00 | 47.00 | 51.00 | OK | |
| r-oldrel-macos-arm64 | 1.0 | 1.00 | 16.00 | 17.00 | NOTE | |
| r-oldrel-macos-x86_64 | 1.0 | 2.00 | 20.00 | 22.00 | NOTE | |
| r-oldrel-windows-x86_64 | 1.0 | 5.00 | 52.00 | 57.00 | NOTE |
Version: 1.0
Check: LazyData
Result: NOTE
'LazyData' is specified without a 'data' directory
Flavors: r-oldrel-macos-arm64, r-oldrel-macos-x86_64, r-oldrel-windows-x86_64
These binaries (installable software) and packages are in development.
They may not be fully stable and should be used with caution. We make no claims about them.