Last updated on 2024-05-04 03:50:33 CEST.
Flavor | Version | Tinstall | Tcheck | Ttotal | Status | Flags |
---|---|---|---|---|---|---|
r-devel-linux-x86_64-debian-clang | 1.13.0 | 0.79 | 2.14 | 2.93 | ERROR | |
r-devel-linux-x86_64-fedora-clang | 1.13.0 | 728.08 | NOTE | |||
r-devel-linux-x86_64-fedora-gcc | 1.13.0 | 636.56 | OK | |||
r-devel-windows-x86_64 | 1.13.0 | 83.00 | 330.00 | 413.00 | OK | |
r-patched-linux-x86_64 | 1.13.0 | 97.50 | 412.05 | 509.55 | OK | |
r-release-linux-x86_64 | 1.13.0 | 62.52 | 397.25 | 459.77 | OK | |
r-release-macos-arm64 | 1.13.0 | 158.00 | NOTE | |||
r-release-macos-x86_64 | 1.13.0 | 456.00 | NOTE | |||
r-release-windows-x86_64 | 1.13.0 | 81.00 | 342.00 | 423.00 | OK | |
r-oldrel-macos-arm64 | 1.13.0 | 179.00 | NOTE | |||
r-oldrel-macos-x86_64 | 1.13.0 | 423.00 | NOTE | |||
r-oldrel-windows-x86_64 | 1.13.0 | 103.00 | 562.00 | 665.00 | OK |
Version: 1.13.0
Check: package dependencies
Result: ERROR
Packages required but not available: 'GenomicRanges', 'Rsamtools'
Packages suggested but not available for checking:
'chromVAR', 'SummarizedExperiment', 'TFBSTools', 'motifmatchr',
'BSgenome', 'rtracklayer', 'biovizBase'
See section ‘The DESCRIPTION file’ in the ‘Writing R Extensions’
manual.
Flavor: r-devel-linux-x86_64-debian-clang
Version: 1.13.0
Check: package dependencies
Result: NOTE
Imports includes 26 non-default packages.
Importing from so many packages makes the package vulnerable to any of
them becoming unavailable. Move as many as possible to Suggests and
use conditionally.
Flavor: r-devel-linux-x86_64-fedora-clang
Version: 1.13.0
Check: installed package size
Result: NOTE
installed size is 5.1Mb
sub-directories of 1Mb or more:
R 2.1Mb
libs 1.9Mb
Flavors: r-release-macos-arm64, r-release-macos-x86_64, r-oldrel-macos-x86_64
Version: 1.13.0
Check: package dependencies
Result: NOTE
Packages suggested but not available for checking:
'chromVAR', 'TFBSTools', 'motifmatchr'
Flavors: r-oldrel-macos-arm64, r-oldrel-macos-x86_64
Version: 1.13.0
Check: Rd cross-references
Result: NOTE
Packages unavailable to check Rd xrefs: ‘motifmatchr’, ‘TFBSTools’, ‘chromVAR’
Flavors: r-oldrel-macos-arm64, r-oldrel-macos-x86_64
These binaries (installable software) and packages are in development.
They may not be fully stable and should be used with caution. We make no claims about them.