Last updated on 2024-05-04 03:50:33 CEST.
Flavor | Version | Tinstall | Tcheck | Ttotal | Status | Flags |
---|---|---|---|---|---|---|
r-devel-linux-x86_64-debian-clang | 2.2.5 | 11.15 | 101.40 | 112.55 | OK | |
r-devel-linux-x86_64-fedora-clang | 2.2.5 | 148.19 | OK | |||
r-devel-linux-x86_64-fedora-gcc | 2.2.5 | 158.91 | OK | |||
r-devel-windows-x86_64 | 2.2.5 | 10.00 | 96.00 | 106.00 | OK | |
r-patched-linux-x86_64 | 2.2.5 | 9.27 | 92.90 | 102.17 | OK | |
r-release-linux-x86_64 | 2.2.5 | 6.80 | 93.91 | 100.71 | OK | |
r-release-macos-arm64 | 2.2.5 | 53.00 | OK | |||
r-release-windows-x86_64 | 2.2.5 | 10.00 | 96.00 | 106.00 | OK | |
r-oldrel-macos-arm64 | 2.2.5 | 58.00 | NOTE | |||
r-oldrel-macos-x86_64 | 2.2.5 | 86.00 | NOTE | |||
r-oldrel-windows-x86_64 | 2.2.5 | 12.00 | 112.00 | 124.00 | OK |
Version: 2.2.5
Check: package dependencies
Result: NOTE
Package suggested but not available for checking: ‘rhdf5’
Flavors: r-oldrel-macos-arm64, r-oldrel-macos-x86_64
These binaries (installable software) and packages are in development.
They may not be fully stable and should be used with caution. We make no claims about them.