Last updated on 2024-05-04 03:50:33 CEST.
Flavor | Version | Tinstall | Tcheck | Ttotal | Status | Flags |
---|---|---|---|---|---|---|
r-devel-linux-x86_64-debian-clang | 2.15.1 | 15.77 | 158.09 | 173.86 | OK | |
r-devel-linux-x86_64-fedora-clang | 2.15.1 | 216.20 | NOTE | |||
r-devel-linux-x86_64-fedora-gcc | 2.15.1 | 218.12 | OK | |||
r-devel-windows-x86_64 | 2.15.1 | 16.00 | 151.00 | 167.00 | NOTE | |
r-patched-linux-x86_64 | 2.15.1 | 23.96 | 153.82 | 177.78 | OK | |
r-release-linux-x86_64 | 2.15.1 | 17.94 | 150.21 | 168.15 | OK | |
r-release-macos-arm64 | 2.15.1 | 77.00 | NOTE | |||
r-release-macos-x86_64 | 2.15.1 | 181.00 | NOTE | |||
r-release-windows-x86_64 | 2.15.1 | 16.00 | 144.00 | 160.00 | NOTE | |
r-oldrel-macos-arm64 | 2.15.1 | 76.00 | NOTE | |||
r-oldrel-macos-x86_64 | 2.15.1 | 157.00 | NOTE | |||
r-oldrel-windows-x86_64 | 2.15.1 | 20.00 | 183.00 | 203.00 | NOTE |
Version: 2.15.1
Check: installed package size
Result: NOTE
installed size is 7.2Mb
sub-directories of 1Mb or more:
doc 6.5Mb
Flavors: r-devel-linux-x86_64-fedora-clang, r-devel-windows-x86_64, r-release-macos-arm64, r-release-macos-x86_64, r-release-windows-x86_64, r-oldrel-macos-arm64, r-oldrel-macos-x86_64, r-oldrel-windows-x86_64
These binaries (installable software) and packages are in development.
They may not be fully stable and should be used with caution. We make no claims about them.