Last updated on 2024-05-04 03:50:33 CEST.
Flavor | Version | Tinstall | Tcheck | Ttotal | Status | Flags |
---|---|---|---|---|---|---|
r-devel-linux-x86_64-debian-clang | 0.2.2 | 30.93 | 468.29 | 499.22 | OK | |
r-devel-linux-x86_64-fedora-clang | 0.2.2 | 597.44 | NOTE | |||
r-devel-linux-x86_64-fedora-gcc | 0.2.2 | 614.69 | OK | |||
r-devel-windows-x86_64 | 0.2.2 | 28.00 | 329.00 | 357.00 | OK | |
r-patched-linux-x86_64 | 0.2.2 | 33.05 | 435.46 | 468.51 | OK | |
r-release-linux-x86_64 | 0.2.2 | 27.15 | 449.60 | 476.75 | OK | |
r-release-macos-arm64 | 0.2.2 | 166.00 | OK | |||
r-release-windows-x86_64 | 0.2.2 | 28.00 | 324.00 | 352.00 | OK | |
r-oldrel-macos-arm64 | 0.2.2 | 190.00 | OK | |||
r-oldrel-macos-x86_64 | 0.2.2 | 288.00 | OK | |||
r-oldrel-windows-x86_64 | 0.2.2 | 36.00 | 427.00 | 463.00 | OK |
Version: 0.2.2
Check: Rd cross-references
Result: NOTE
Undeclared packages ‘BinNonNor’, ‘PoisNor’, ‘PoisBinOrdNor’, ‘PoisBinOrdNonNor’ in Rd xrefs
Flavor: r-devel-linux-x86_64-fedora-clang
These binaries (installable software) and packages are in development.
They may not be fully stable and should be used with caution. We make no claims about them.