Last updated on 2024-05-04 03:50:33 CEST.
Flavor | Version | Tinstall | Tcheck | Ttotal | Status | Flags |
---|---|---|---|---|---|---|
r-devel-linux-x86_64-debian-clang | 1.0-6 | 5.59 | 299.25 | 304.84 | OK | |
r-devel-linux-x86_64-fedora-clang | 1.0-6 | 387.87 | NOTE | |||
r-devel-linux-x86_64-fedora-gcc | 1.0-6 | 392.48 | OK | |||
r-devel-windows-x86_64 | 1.0-6 | 8.00 | 429.00 | 437.00 | NOTE | |
r-patched-linux-x86_64 | 1.0-6 | 10.71 | 282.96 | 293.67 | OK | |
r-release-linux-x86_64 | 1.0-6 | 5.84 | 290.99 | 296.83 | OK | |
r-release-macos-arm64 | 1.0-6 | 120.00 | NOTE | |||
r-release-macos-x86_64 | 1.0-6 | 399.00 | NOTE | |||
r-release-windows-x86_64 | 1.0-6 | 7.00 | 438.00 | 445.00 | NOTE | |
r-oldrel-macos-arm64 | 1.0-6 | 138.00 | NOTE | |||
r-oldrel-macos-x86_64 | 1.0-6 | 382.00 | NOTE | |||
r-oldrel-windows-x86_64 | 1.0-6 | 8.00 | 579.00 | 587.00 | NOTE |
Version: 1.0-6
Check: installed package size
Result: NOTE
installed size is 5.8Mb
sub-directories of 1Mb or more:
doc 4.5Mb
Flavors: r-devel-linux-x86_64-fedora-clang, r-devel-windows-x86_64, r-release-macos-arm64, r-release-macos-x86_64, r-release-windows-x86_64, r-oldrel-macos-arm64, r-oldrel-macos-x86_64, r-oldrel-windows-x86_64
These binaries (installable software) and packages are in development.
They may not be fully stable and should be used with caution. We make no claims about them.