CRAN Package Check Results for Package SolveSAPHE

Last updated on 2025-10-23 17:51:03 CEST.

Flavor Version Tinstall Tcheck Ttotal Status Flags
r-devel-linux-x86_64-debian-clang 2.1.0 4.15 28.15 32.30 NOTE
r-devel-linux-x86_64-debian-gcc 2.1.0 2.30 21.53 23.83 NOTE
r-devel-linux-x86_64-fedora-clang 2.1.0 48.74 NOTE
r-devel-linux-x86_64-fedora-gcc 2.1.0 46.88 NOTE
r-devel-windows-x86_64 2.1.0 5.00 45.00 50.00 NOTE
r-patched-linux-x86_64 2.1.0 3.51 26.38 29.89 NOTE
r-release-linux-x86_64 2.1.0 3.31 26.39 29.70 NOTE
r-release-macos-arm64 2.1.0 2.00 16.00 18.00 NOTE
r-release-macos-x86_64 2.1.0 3.00 27.00 30.00 NOTE
r-release-windows-x86_64 2.1.0 5.00 48.00 53.00 NOTE
r-oldrel-macos-arm64 2.1.0 2.00 15.00 17.00 NOTE
r-oldrel-macos-x86_64 2.1.0 3.00 24.00 27.00 NOTE
r-oldrel-windows-x86_64 2.1.0 6.00 46.00 52.00 NOTE

Check Details

Version: 2.1.0
Check: Rd files
Result: NOTE checkRd: (-1) solve_pH_from_AT.Rd:83: Lost braces in \itemize; meant \describe ? checkRd: (-1) solve_pH_from_AT.Rd:84: Lost braces in \itemize; meant \describe ? checkRd: (-1) solve_pH_from_AT.Rd:85: Lost braces in \itemize; meant \describe ? checkRd: (-1) solve_pH_from_AT.Rd:86: Lost braces in \itemize; meant \describe ? checkRd: (-1) solve_pH_from_AT.Rd:87: Lost braces in \itemize; meant \describe ? checkRd: (-1) solve_pH_from_AT.Rd:88: Lost braces in \itemize; meant \describe ? checkRd: (-1) solve_pH_from_AT.Rd:89: Lost braces in \itemize; meant \describe ? checkRd: (-1) solve_pH_from_AT.Rd:90: Lost braces in \itemize; meant \describe ? checkRd: (-1) solve_pH_from_AT.Rd:91: Lost braces in \itemize; meant \describe ? checkRd: (-1) solve_pH_from_AT.Rd:92: Lost braces in \itemize; meant \describe ? checkRd: (-1) solve_pH_from_AT.Rd:93: Lost braces in \itemize; meant \describe ? Flavors: r-devel-linux-x86_64-debian-clang, r-devel-linux-x86_64-debian-gcc, r-devel-linux-x86_64-fedora-clang, r-devel-linux-x86_64-fedora-gcc, r-devel-windows-x86_64, r-patched-linux-x86_64, r-release-linux-x86_64, r-release-macos-arm64, r-release-macos-x86_64, r-release-windows-x86_64, r-oldrel-macos-arm64, r-oldrel-macos-x86_64, r-oldrel-windows-x86_64

These binaries (installable software) and packages are in development.
They may not be fully stable and should be used with caution. We make no claims about them.