Last updated on 2024-05-04 03:50:34 CEST.
Flavor | Version | Tinstall | Tcheck | Ttotal | Status | Flags |
---|---|---|---|---|---|---|
r-devel-linux-x86_64-debian-clang | 0.3-0 | 55.88 | 88.80 | 144.68 | WARN | |
r-devel-linux-x86_64-fedora-clang | 0.3-0 | 199.60 | NOTE | |||
r-devel-linux-x86_64-fedora-gcc | 0.3-0 | 200.23 | NOTE | |||
r-devel-windows-x86_64 | 0.3-0 | 47.00 | 98.00 | 145.00 | NOTE | |
r-patched-linux-x86_64 | 0.3-0 | 54.87 | 85.23 | 140.10 | NOTE | |
r-release-linux-x86_64 | 0.3-0 | 55.30 | 85.79 | 141.09 | NOTE | |
r-release-macos-arm64 | 0.3-0 | 49.00 | NOTE | |||
r-release-windows-x86_64 | 0.3-0 | 45.00 | 99.00 | 144.00 | NOTE | |
r-oldrel-macos-arm64 | 0.3-0 | 48.00 | NOTE | |||
r-oldrel-macos-x86_64 | 0.3-0 | 79.00 | NOTE | |||
r-oldrel-windows-x86_64 | 0.3-0 | 58.00 | 123.00 | 181.00 | OK |
Version: 0.3-0
Check: whether package can be installed
Result: WARN
Found the following significant warnings:
lacov.cpp:56:13: warning: using integer absolute value function 'abs' when argument is of floating point type [-Wabsolute-value]
lacov.cpp:89:13: warning: using integer absolute value function 'abs' when argument is of floating point type [-Wabsolute-value]
lacov.cpp:126:13: warning: using integer absolute value function 'abs' when argument is of floating point type [-Wabsolute-value]
stkmat.cpp:27:13: warning: using integer absolute value function 'abs' when argument is of floating point type [-Wabsolute-value]
stkmat.cpp:52:13: warning: using integer absolute value function 'abs' when argument is of floating point type [-Wabsolute-value]
stkmat.cpp:77:13: warning: using integer absolute value function 'abs' when argument is of floating point type [-Wabsolute-value]
See ‘/home/hornik/tmp/R.check/r-devel-clang/Work/PKGS/SpaceTimeBSS.Rcheck/00install.out’ for details.
* used C++ compiler: ‘Debian clang version 18.1.4 (1)’
Flavor: r-devel-linux-x86_64-debian-clang
Version: 0.3-0
Check: Rd files
Result: NOTE
checkRd: (-1) SpaceTimeBSS-package.Rd:23: Lost braces in \itemize; meant \describe ?
Flavors: r-devel-linux-x86_64-debian-clang, r-devel-linux-x86_64-fedora-clang, r-devel-linux-x86_64-fedora-gcc, r-devel-windows-x86_64, r-patched-linux-x86_64, r-release-linux-x86_64, r-release-macos-arm64, r-release-windows-x86_64
Version: 0.3-0
Check: installed package size
Result: NOTE
installed size is 5.1Mb
sub-directories of 1Mb or more:
data 2.4Mb
libs 2.6Mb
Flavors: r-release-macos-arm64, r-oldrel-macos-arm64, r-oldrel-macos-x86_64
These binaries (installable software) and packages are in development.
They may not be fully stable and should be used with caution. We make no claims about them.