Last updated on 2024-05-04 03:50:34 CEST.
Flavor | Version | Tinstall | Tcheck | Ttotal | Status | Flags |
---|---|---|---|---|---|---|
r-devel-linux-x86_64-debian-clang | 1.0.4 | 53.04 | 81.40 | 134.44 | NOTE | |
r-devel-linux-x86_64-fedora-clang | 1.0.4 | 190.26 | NOTE | |||
r-devel-linux-x86_64-fedora-gcc | 1.0.4 | 191.02 | NOTE | |||
r-devel-windows-x86_64 | 1.0.4 | 49.00 | 96.00 | 145.00 | NOTE | |
r-patched-linux-x86_64 | 1.0.4 | 53.81 | 76.16 | 129.97 | NOTE | |
r-release-linux-x86_64 | 1.0.4 | 56.89 | 76.84 | 133.73 | NOTE | |
r-release-macos-arm64 | 1.0.4 | 44.00 | NOTE | |||
r-release-windows-x86_64 | 1.0.4 | 49.00 | 96.00 | 145.00 | NOTE | |
r-oldrel-macos-arm64 | 1.0.4 | 51.00 | NOTE | |||
r-oldrel-macos-x86_64 | 1.0.4 | 160.00 | NOTE | |||
r-oldrel-windows-x86_64 | 1.0.4 | 60.00 | 113.00 | 173.00 | NOTE |
Version: 1.0.4
Check: for GNU extensions in Makefiles
Result: NOTE
GNU make is a SystemRequirements.
Flavors: r-devel-linux-x86_64-debian-clang, r-devel-linux-x86_64-fedora-clang, r-devel-linux-x86_64-fedora-gcc, r-devel-windows-x86_64, r-patched-linux-x86_64, r-release-linux-x86_64, r-release-macos-arm64, r-release-windows-x86_64, r-oldrel-macos-arm64, r-oldrel-macos-x86_64, r-oldrel-windows-x86_64
These binaries (installable software) and packages are in development.
They may not be fully stable and should be used with caution. We make no claims about them.