Last updated on 2024-05-04 03:50:34 CEST.
Flavor | Version | Tinstall | Tcheck | Ttotal | Status | Flags |
---|---|---|---|---|---|---|
r-devel-linux-x86_64-debian-clang | 0.14-0 | 69.63 | 91.04 | 160.67 | NOTE | |
r-devel-linux-x86_64-fedora-clang | 0.14-0 | 241.11 | NOTE | |||
r-devel-linux-x86_64-fedora-gcc | 0.14-0 | 253.14 | NOTE | |||
r-devel-windows-x86_64 | 0.14-0 | 62.00 | 135.00 | 197.00 | NOTE | |
r-patched-linux-x86_64 | 0.14-0 | 81.99 | 85.75 | 167.74 | NOTE | |
r-release-linux-x86_64 | 0.14-0 | 77.46 | 85.75 | 163.21 | NOTE | |
r-release-macos-arm64 | 0.14-0 | 59.00 | NOTE | |||
r-release-windows-x86_64 | 0.14-0 | 60.00 | 138.00 | 198.00 | NOTE | |
r-oldrel-macos-arm64 | 0.14-0 | 59.00 | OK | |||
r-oldrel-macos-x86_64 | 0.14-0 | 89.00 | OK | |||
r-oldrel-windows-x86_64 | 0.14-0 | 75.00 | 147.00 | 222.00 | OK |
Version: 0.14-0
Check: Rd files
Result: NOTE
checkRd: (-1) SpatialBSS-package.Rd:25: Lost braces in \itemize; meant \describe ?
checkRd: (-1) SpatialBSS-package.Rd:26: Lost braces in \itemize; meant \describe ?
checkRd: (-1) SpatialBSS-package.Rd:27: Lost braces in \itemize; meant \describe ?
checkRd: (-1) SpatialBSS-package.Rd:28: Lost braces in \itemize; meant \describe ?
Flavors: r-devel-linux-x86_64-debian-clang, r-devel-linux-x86_64-fedora-clang, r-devel-linux-x86_64-fedora-gcc, r-devel-windows-x86_64, r-patched-linux-x86_64, r-release-linux-x86_64, r-release-macos-arm64, r-release-windows-x86_64
These binaries (installable software) and packages are in development.
They may not be fully stable and should be used with caution. We make no claims about them.