Last updated on 2024-05-04 03:50:34 CEST.
Flavor | Version | Tinstall | Tcheck | Ttotal | Status | Flags |
---|---|---|---|---|---|---|
r-devel-linux-x86_64-debian-clang | 1.0.0 | 178.96 | 89.03 | 267.99 | NOTE | |
r-devel-linux-x86_64-fedora-clang | 1.0.0 | 292.73 | OK | |||
r-devel-linux-x86_64-fedora-gcc | 1.0.0 | 457.79 | OK | |||
r-devel-windows-x86_64 | 1.0.0 | 129.00 | 118.00 | 247.00 | NOTE | |
r-patched-linux-x86_64 | 1.0.0 | 205.11 | 86.55 | 291.66 | NOTE | |
r-release-linux-x86_64 | 1.0.0 | 200.68 | 85.96 | 286.64 | NOTE | |
r-release-macos-arm64 | 1.0.0 | 99.00 | NOTE | |||
r-release-windows-x86_64 | 1.0.0 | 125.00 | 114.00 | 239.00 | NOTE | |
r-oldrel-macos-arm64 | 1.0.0 | 107.00 | NOTE | |||
r-oldrel-macos-x86_64 | 1.0.0 | 164.00 | NOTE | |||
r-oldrel-windows-x86_64 | 1.0.0 | 175.00 | 139.00 | 314.00 | NOTE |
Version: 1.0.0
Check: package dependencies
Result: NOTE
Package suggested but not available for checking: ‘INLA’
Flavors: r-devel-linux-x86_64-debian-clang, r-patched-linux-x86_64, r-release-linux-x86_64, r-release-macos-arm64, r-oldrel-macos-arm64, r-oldrel-macos-x86_64, r-oldrel-windows-x86_64
Version: 1.0.0
Check: installed package size
Result: NOTE
installed size is 14.5Mb
sub-directories of 1Mb or more:
libs 13.5Mb
Flavors: r-devel-windows-x86_64, r-release-macos-arm64, r-release-windows-x86_64, r-oldrel-macos-arm64, r-oldrel-macos-x86_64, r-oldrel-windows-x86_64
These binaries (installable software) and packages are in development.
They may not be fully stable and should be used with caution. We make no claims about them.