Last updated on 2024-05-04 03:50:34 CEST.
Flavor | Version | Tinstall | Tcheck | Ttotal | Status | Flags |
---|---|---|---|---|---|---|
r-devel-linux-x86_64-debian-clang | 1.0.5 | 121.60 | 35.22 | 156.82 | OK | |
r-devel-linux-x86_64-fedora-clang | 1.0.5 | 236.39 | OK | |||
r-devel-linux-x86_64-fedora-gcc | 1.0.5 | 252.57 | OK | |||
r-devel-windows-x86_64 | 1.0.5 | 99.00 | 70.00 | 169.00 | NOTE | |
r-patched-linux-x86_64 | 1.0.5 | 110.52 | 33.14 | 143.66 | OK | |
r-release-linux-x86_64 | 1.0.5 | 125.45 | 33.84 | 159.29 | OK | |
r-release-macos-arm64 | 1.0.5 | 48.00 | NOTE | |||
r-release-windows-x86_64 | 1.0.5 | 96.00 | 65.00 | 161.00 | NOTE | |
r-oldrel-macos-arm64 | 1.0.5 | 58.00 | NOTE | |||
r-oldrel-macos-x86_64 | 1.0.5 | 100.00 | NOTE | |||
r-oldrel-windows-x86_64 | 1.0.5 | 117.00 | 75.00 | 192.00 | NOTE |
Version: 1.0.5
Check: C++ specification
Result: NOTE
Specified C++11: please drop specification unless essential
Flavors: r-devel-windows-x86_64, r-release-windows-x86_64, r-oldrel-windows-x86_64
Version: 1.0.5
Check: installed package size
Result: NOTE
installed size is 5.1Mb
sub-directories of 1Mb or more:
libs 5.0Mb
Flavors: r-release-macos-arm64, r-oldrel-macos-arm64, r-oldrel-macos-x86_64
These binaries (installable software) and packages are in development.
They may not be fully stable and should be used with caution. We make no claims about them.