Last updated on 2024-05-04 03:50:35 CEST.
Flavor | Version | Tinstall | Tcheck | Ttotal | Status | Flags |
---|---|---|---|---|---|---|
r-devel-linux-x86_64-debian-clang | 2.6.0 | 46.40 | 30.94 | 77.34 | NOTE | |
r-devel-linux-x86_64-fedora-clang | 2.6.0 | 111.77 | NOTE | |||
r-devel-linux-x86_64-fedora-gcc | 2.6.0 | 109.36 | NOTE | |||
r-devel-windows-x86_64 | 2.6.0 | 38.00 | 77.00 | 115.00 | NOTE | |
r-patched-linux-x86_64 | 2.6.0 | 42.39 | 29.06 | 71.45 | NOTE | |
r-release-linux-x86_64 | 2.6.0 | 45.38 | 29.14 | 74.52 | NOTE | |
r-release-macos-arm64 | 2.6.0 | 26.00 | NOTE | |||
r-release-windows-x86_64 | 2.6.0 | 36.00 | 61.00 | 97.00 | NOTE | |
r-oldrel-macos-arm64 | 2.6.0 | 31.00 | NOTE | |||
r-oldrel-macos-x86_64 | 2.6.0 | 47.00 | NOTE | |||
r-oldrel-windows-x86_64 | 2.6.0 | 39.00 | 103.00 | 142.00 | NOTE |
Version: 2.6.0
Check: C++ specification
Result: NOTE
Specified C++11: please drop specification unless essential
Flavors: r-devel-linux-x86_64-debian-clang, r-devel-linux-x86_64-fedora-clang, r-devel-linux-x86_64-fedora-gcc, r-devel-windows-x86_64, r-patched-linux-x86_64, r-release-linux-x86_64, r-release-macos-arm64, r-release-windows-x86_64, r-oldrel-macos-arm64, r-oldrel-macos-x86_64, r-oldrel-windows-x86_64
These binaries (installable software) and packages are in development.
They may not be fully stable and should be used with caution. We make no claims about them.