Last updated on 2024-05-04 03:50:36 CEST.
Flavor | Version | Tinstall | Tcheck | Ttotal | Status | Flags |
---|---|---|---|---|---|---|
r-devel-linux-x86_64-debian-clang | 4.2-21 | 267.65 | 228.60 | 496.25 | OK | |
r-devel-linux-x86_64-fedora-clang | 4.2-21 | 667.21 | NOTE | |||
r-devel-linux-x86_64-fedora-gcc | 4.2-21 | 617.66 | OK | |||
r-devel-windows-x86_64 | 4.2-21 | 198.00 | 188.00 | 386.00 | OK | |
r-patched-linux-x86_64 | 4.2-21 | 245.17 | 215.35 | 460.52 | OK | |
r-release-linux-x86_64 | 4.2-21 | 241.89 | 206.32 | 448.21 | OK | |
r-release-macos-arm64 | 4.2-21 | 113.00 | NOTE | |||
r-release-macos-x86_64 | 4.2-21 | 248.00 | NOTE | |||
r-release-windows-x86_64 | 4.2-21 | 192.00 | 187.00 | 379.00 | OK | |
r-oldrel-macos-arm64 | 4.2-21 | 118.00 | NOTE | |||
r-oldrel-macos-x86_64 | 4.2-21 | 247.00 | NOTE | |||
r-oldrel-windows-x86_64 | 4.2-21 | 242.00 | 245.00 | 487.00 | OK |
Version: 4.2-21
Check: Rd cross-references
Result: NOTE
Undeclared package ‘mirt’ in Rd xrefs
Flavor: r-devel-linux-x86_64-fedora-clang
Version: 4.2-21
Check: installed package size
Result: NOTE
installed size is 7.4Mb
sub-directories of 1Mb or more:
R 2.0Mb
libs 4.5Mb
Flavors: r-release-macos-arm64, r-release-macos-x86_64, r-oldrel-macos-arm64, r-oldrel-macos-x86_64
These binaries (installable software) and packages are in development.
They may not be fully stable and should be used with caution. We make no claims about them.