Last updated on 2024-05-04 03:50:36 CEST.
Flavor | Version | Tinstall | Tcheck | Ttotal | Status | Flags |
---|---|---|---|---|---|---|
r-devel-linux-x86_64-debian-clang | 3.0.3 | 152.42 | 165.46 | 317.88 | OK | |
r-devel-linux-x86_64-fedora-clang | 3.0.3 | 452.60 | NOTE | |||
r-devel-linux-x86_64-fedora-gcc | 3.0.3 | 462.32 | OK | |||
r-devel-windows-x86_64 | 3.0.3 | 114.00 | 298.00 | 412.00 | NOTE | |
r-patched-linux-x86_64 | 3.0.3 | 139.08 | 161.04 | 300.12 | OK | |
r-release-linux-x86_64 | 3.0.3 | 129.38 | 161.27 | 290.65 | OK | |
r-release-macos-arm64 | 3.0.3 | 178.00 | NOTE | |||
r-release-macos-x86_64 | 3.0.3 | 391.00 | NOTE | |||
r-release-windows-x86_64 | 3.0.3 | 108.00 | 297.00 | 405.00 | NOTE | |
r-oldrel-macos-arm64 | 3.0.3 | 184.00 | NOTE | |||
r-oldrel-macos-x86_64 | 3.0.3 | 331.00 | NOTE | |||
r-oldrel-windows-x86_64 | 3.0.3 | 139.00 | 376.00 | 515.00 | NOTE |
Version: 3.0.3
Check: installed package size
Result: NOTE
installed size is 8.2Mb
sub-directories of 1Mb or more:
doc 7.5Mb
Flavors: r-devel-linux-x86_64-fedora-clang, r-devel-windows-x86_64, r-release-macos-arm64, r-release-macos-x86_64, r-release-windows-x86_64, r-oldrel-macos-arm64, r-oldrel-macos-x86_64, r-oldrel-windows-x86_64
Version: 3.0.3
Check: package dependencies
Result: NOTE
Package suggested but not available for checking: ‘igraph’
Flavor: r-oldrel-macos-arm64
These binaries (installable software) and packages are in development.
They may not be fully stable and should be used with caution. We make no claims about them.