Last updated on 2024-05-04 03:50:36 CEST.
Flavor | Version | Tinstall | Tcheck | Ttotal | Status | Flags |
---|---|---|---|---|---|---|
r-devel-linux-x86_64-debian-clang | 0.4.1 | 22.63 | 85.64 | 108.27 | NOTE | |
r-devel-linux-x86_64-fedora-clang | 0.4.1 | 146.37 | NOTE | |||
r-devel-linux-x86_64-fedora-gcc | 0.4.1 | 158.90 | NOTE | |||
r-devel-windows-x86_64 | 0.4.1 | 24.00 | 100.00 | 124.00 | NOTE | |
r-patched-linux-x86_64 | 0.4.1 | 27.04 | 82.79 | 109.83 | NOTE | |
r-release-linux-x86_64 | 0.4.1 | 24.14 | 81.63 | 105.77 | NOTE | |
r-release-macos-arm64 | 0.4.1 | 52.00 | NOTE | |||
r-release-windows-x86_64 | 0.4.1 | 22.00 | 95.00 | 117.00 | NOTE | |
r-oldrel-macos-arm64 | 0.4.1 | 56.00 | NOTE | |||
r-oldrel-macos-x86_64 | 0.4.1 | 79.00 | NOTE | |||
r-oldrel-windows-x86_64 | 0.4.1 | 28.00 | 115.00 | 143.00 | NOTE |
Version: 0.4.1
Check: C++ specification
Result: NOTE
Specified C++11: please drop specification unless essential
Flavors: r-devel-linux-x86_64-debian-clang, r-devel-linux-x86_64-fedora-clang, r-devel-linux-x86_64-fedora-gcc, r-devel-windows-x86_64, r-patched-linux-x86_64, r-release-linux-x86_64, r-release-macos-arm64, r-release-windows-x86_64, r-oldrel-macos-arm64, r-oldrel-macos-x86_64, r-oldrel-windows-x86_64
These binaries (installable software) and packages are in development.
They may not be fully stable and should be used with caution. We make no claims about them.