Last updated on 2024-05-04 03:50:37 CEST.
Flavor | Version | Tinstall | Tcheck | Ttotal | Status | Flags |
---|---|---|---|---|---|---|
r-devel-linux-x86_64-debian-clang | 1.0.0 | 11.64 | 741.01 | 752.65 | NOTE | |
r-devel-linux-x86_64-fedora-clang | 1.0.0 | 992.99 | OK | |||
r-devel-linux-x86_64-fedora-gcc | 1.0.0 | 929.32 | OK | |||
r-devel-windows-x86_64 | 1.0.0 | 10.00 | 521.00 | 531.00 | OK | |
r-patched-linux-x86_64 | 1.0.0 | 11.34 | 743.79 | 755.13 | OK | |
r-release-linux-x86_64 | 1.0.0 | 9.19 | 721.10 | 730.29 | OK | |
r-release-macos-arm64 | 1.0.0 | 254.00 | OK | |||
r-release-macos-x86_64 | 1.0.0 | 801.00 | OK | |||
r-release-windows-x86_64 | 1.0.0 | 9.00 | 525.00 | 534.00 | OK | |
r-oldrel-macos-arm64 | 1.0.0 | 304.00 | OK | |||
r-oldrel-macos-x86_64 | 1.0.0 | 656.00 | OK | |||
r-oldrel-windows-x86_64 | 1.0.0 | 14.00 | 703.00 | 717.00 | OK |
Version: 1.0.0
Check: package dependencies
Result: NOTE
Package suggested but not available for checking: ‘WGCNA’
Flavor: r-devel-linux-x86_64-debian-clang
These binaries (installable software) and packages are in development.
They may not be fully stable and should be used with caution. We make no claims about them.