Last updated on 2024-07-03 21:51:59 CEST.
Flavor | Version | Tinstall | Tcheck | Ttotal | Status | Flags |
---|---|---|---|---|---|---|
r-devel-linux-x86_64-debian-clang | 0.1.1 | 3.30 | 43.62 | 46.92 | OK | |
r-devel-linux-x86_64-debian-gcc | 0.1.1 | 2.61 | 33.29 | 35.90 | OK | |
r-devel-linux-x86_64-fedora-clang | 0.1.1 | 62.44 | NOTE | |||
r-devel-linux-x86_64-fedora-gcc | 0.1.1 | 70.13 | NOTE | |||
r-devel-windows-x86_64 | 0.1.1 | 6.00 | 199.00 | 205.00 | OK | |
r-patched-linux-x86_64 | 0.1.1 | 2.23 | 41.61 | 43.84 | OK | |
r-release-linux-x86_64 | 0.1.1 | 3.16 | 41.36 | 44.52 | OK | |
r-release-macos-arm64 | 0.1.1 | 29.00 | OK | |||
r-release-macos-x86_64 | 0.1.1 | 67.00 | OK | |||
r-release-windows-x86_64 | 0.1.1 | 6.00 | 55.00 | 61.00 | OK | |
r-oldrel-macos-arm64 | 0.1.1 | 37.00 | OK | |||
r-oldrel-macos-x86_64 | 0.1.1 | 71.00 | OK | |||
r-oldrel-windows-x86_64 | 0.1.1 | 6.00 | 57.00 | 63.00 | OK |
Version: 0.1.1
Check: dependencies in R code
Result: NOTE
Namespaces in Imports field not imported from:
‘Ckmeans.1d.dp’ ‘autostats’ ‘badger’ ‘framecleaner’ ‘presenter’
‘tidybins’ ‘validata’
All declared Imports should be used.
Flavors: r-devel-linux-x86_64-fedora-clang, r-devel-linux-x86_64-fedora-gcc
These binaries (installable software) and packages are in development.
They may not be fully stable and should be used with caution. We make no claims about them.