Last updated on 2024-05-04 03:50:37 CEST.
Flavor | Version | Tinstall | Tcheck | Ttotal | Status | Flags |
---|---|---|---|---|---|---|
r-devel-linux-x86_64-debian-clang | 0.1.0 | 9.83 | 82.60 | 92.43 | OK | |
r-devel-linux-x86_64-fedora-clang | 0.1.0 | 113.40 | NOTE | |||
r-devel-linux-x86_64-fedora-gcc | 0.1.0 | 108.78 | NOTE | |||
r-devel-windows-x86_64 | 0.1.0 | 9.00 | 76.00 | 85.00 | OK | |
r-patched-linux-x86_64 | 0.1.0 | 7.49 | 81.08 | 88.57 | OK | |
r-release-linux-x86_64 | 0.1.0 | 8.10 | 79.80 | 87.90 | OK | |
r-release-macos-arm64 | 0.1.0 | 38.00 | OK | |||
r-release-windows-x86_64 | 0.1.0 | 10.00 | 79.00 | 89.00 | OK | |
r-oldrel-macos-arm64 | 0.1.0 | 39.00 | OK | |||
r-oldrel-macos-x86_64 | 0.1.0 | 59.00 | OK | |||
r-oldrel-windows-x86_64 | 0.1.0 | 12.00 | 94.00 | 106.00 | OK |
Version: 0.1.0
Check: dependencies in R code
Result: NOTE
Namespace in Imports field not imported from: ‘Matrix’
All declared Imports should be used.
Flavors: r-devel-linux-x86_64-fedora-clang, r-devel-linux-x86_64-fedora-gcc
These binaries (installable software) and packages are in development.
They may not be fully stable and should be used with caution. We make no claims about them.