Last updated on 2024-05-04 03:50:37 CEST.
Flavor | Version | Tinstall | Tcheck | Ttotal | Status | Flags |
---|---|---|---|---|---|---|
r-devel-linux-x86_64-debian-clang | 2.6.6 | 22.72 | 596.40 | 619.12 | NOTE | |
r-devel-linux-x86_64-fedora-clang | 2.6.6 | 710.14 | NOTE | |||
r-devel-linux-x86_64-fedora-gcc | 2.6.6 | 505.80 | NOTE | |||
r-devel-windows-x86_64 | 2.6.6 | 19.00 | 331.00 | 350.00 | NOTE | |
r-patched-linux-x86_64 | 2.6.6 | 18.31 | 551.36 | 569.67 | NOTE | |
r-release-linux-x86_64 | 2.6.6 | 14.16 | 538.04 | 552.20 | NOTE | |
r-release-macos-arm64 | 2.6.6 | 191.00 | NOTE | |||
r-release-macos-x86_64 | 2.6.6 | 481.00 | NOTE | |||
r-release-windows-x86_64 | 2.6.6 | 20.00 | 330.00 | 350.00 | NOTE | |
r-oldrel-macos-arm64 | 2.6.6 | 187.00 | NOTE | |||
r-oldrel-macos-x86_64 | 2.6.6 | 400.00 | NOTE | |||
r-oldrel-windows-x86_64 | 2.6.6 | 24.00 | 556.00 | 580.00 | NOTE |
Version: 2.6.6
Check: package dependencies
Result: NOTE
Packages suggested but not available for checking:
'CohortGenerator', 'Capr'
Flavors: r-devel-linux-x86_64-debian-clang, r-devel-linux-x86_64-fedora-clang, r-devel-linux-x86_64-fedora-gcc, r-devel-windows-x86_64, r-patched-linux-x86_64, r-release-linux-x86_64, r-release-windows-x86_64, r-oldrel-windows-x86_64
Version: 2.6.6
Check: package dependencies
Result: NOTE
Packages suggested but not available for checking:
'Eunomia', 'CohortGenerator', 'CirceR', 'Capr'
Flavors: r-release-macos-arm64, r-release-macos-x86_64, r-oldrel-macos-arm64, r-oldrel-macos-x86_64
These binaries (installable software) and packages are in development.
They may not be fully stable and should be used with caution. We make no claims about them.