Last updated on 2024-05-04 03:50:38 CEST.
Flavor | Version | Tinstall | Tcheck | Ttotal | Status | Flags |
---|---|---|---|---|---|---|
r-devel-linux-x86_64-debian-clang | 4.0.2 | 143.08 | 114.33 | 257.41 | OK | |
r-devel-linux-x86_64-fedora-clang | 4.0.2 | 317.04 | OK | |||
r-devel-linux-x86_64-fedora-gcc | 4.0.2 | 384.66 | OK | |||
r-devel-windows-x86_64 | 4.0.2 | 110.00 | 140.00 | 250.00 | OK | |
r-patched-linux-x86_64 | 4.0.2 | 152.65 | 110.92 | 263.57 | OK | |
r-release-linux-x86_64 | 4.0.2 | 142.10 | 110.89 | 252.99 | OK | |
r-release-macos-arm64 | 4.0.2 | 74.00 | NOTE | |||
r-release-windows-x86_64 | 4.0.2 | 103.00 | 140.00 | 243.00 | OK | |
r-oldrel-macos-arm64 | 4.0.2 | 98.00 | NOTE | |||
r-oldrel-macos-x86_64 | 4.0.2 | 179.00 | NOTE | |||
r-oldrel-windows-x86_64 | 4.0.2 | 132.00 | 169.00 | 301.00 | OK |
Version: 4.0.2
Check: installed package size
Result: NOTE
installed size is 18.5Mb
sub-directories of 1Mb or more:
libs 18.1Mb
Flavors: r-release-macos-arm64, r-oldrel-macos-arm64, r-oldrel-macos-x86_64
These binaries (installable software) and packages are in development.
They may not be fully stable and should be used with caution. We make no claims about them.