Last updated on 2025-10-23 17:51:08 CEST.
Flavor | Version | Tinstall | Tcheck | Ttotal | Status | Flags |
---|---|---|---|---|---|---|
r-devel-linux-x86_64-debian-clang | 0.0-4 | 41.00 | 76.35 | 117.35 | OK | |
r-devel-linux-x86_64-debian-gcc | 0.0-4 | 29.41 | 54.47 | 83.88 | OK | |
r-devel-linux-x86_64-fedora-clang | 0.0-4 | 193.00 | 10.03 | 203.03 | OK | |
r-devel-linux-x86_64-fedora-gcc | 0.0-4 | 113.00 | 84.01 | 197.01 | OK | |
r-devel-windows-x86_64 | 0.0-4 | 48.00 | 99.00 | 147.00 | OK | |
r-patched-linux-x86_64 | 0.0-4 | 43.29 | 72.48 | 115.77 | OK | |
r-release-linux-x86_64 | 0.0-4 | 43.80 | 71.95 | 115.75 | OK | |
r-release-macos-arm64 | 0.0-4 | 20.00 | 33.00 | 53.00 | OK | |
r-release-macos-x86_64 | 0.0-4 | 52.00 | 61.00 | 113.00 | OK | |
r-release-windows-x86_64 | 0.0-4 | 50.00 | 103.00 | 153.00 | OK | |
r-oldrel-macos-arm64 | 0.0-4 | 20.00 | 38.00 | 58.00 | NOTE | |
r-oldrel-macos-x86_64 | 0.0-4 | 33.00 | 60.00 | 93.00 | NOTE | |
r-oldrel-windows-x86_64 | 0.0-4 | 58.00 | 131.00 | 189.00 | OK |
Version: 0.0-4
Check: installed package size
Result: NOTE
installed size is 5.0Mb
sub-directories of 1Mb or more:
libs 4.9Mb
Flavors: r-oldrel-macos-arm64, r-oldrel-macos-x86_64
These binaries (installable software) and packages are in development.
They may not be fully stable and should be used with caution. We make no claims about them.