Last updated on 2024-05-04 03:50:38 CEST.
Flavor | Version | Tinstall | Tcheck | Ttotal | Status | Flags |
---|---|---|---|---|---|---|
r-devel-linux-x86_64-debian-clang | 1.0.0 | 11.79 | 88.09 | 99.88 | OK | |
r-devel-linux-x86_64-fedora-clang | 1.0.0 | 126.92 | OK | |||
r-devel-linux-x86_64-fedora-gcc | 1.0.0 | 125.81 | OK | |||
r-devel-windows-x86_64 | 1.0.0 | 10.00 | 82.00 | 92.00 | OK | |
r-patched-linux-x86_64 | 1.0.0 | 16.14 | 86.03 | 102.17 | OK | |
r-release-linux-x86_64 | 1.0.0 | 7.03 | 83.41 | 90.44 | OK | |
r-release-macos-arm64 | 1.0.0 | 37.00 | OK | |||
r-release-windows-x86_64 | 1.0.0 | 9.00 | 77.00 | 86.00 | OK | |
r-oldrel-macos-arm64 | 1.0.0 | 38.00 | OK | |||
r-oldrel-macos-x86_64 | 1.0.0 | 59.00 | NOTE | |||
r-oldrel-windows-x86_64 | 1.0.0 | 12.00 | 168.00 | 180.00 | OK |
Version: 1.0.0
Check: package dependencies
Result: NOTE
Package suggested but not available for checking: ‘adespatial’
Flavor: r-oldrel-macos-x86_64
These binaries (installable software) and packages are in development.
They may not be fully stable and should be used with caution. We make no claims about them.