Last updated on 2025-10-23 21:51:47 CEST.
Flavor | Version | Tinstall | Tcheck | Ttotal | Status | Flags |
---|---|---|---|---|---|---|
r-devel-linux-x86_64-debian-clang | 2.0.7 | 69.57 | 41.38 | 110.95 | OK | |
r-devel-linux-x86_64-debian-gcc | 2.0.7 | 45.88 | 30.73 | 76.61 | OK | |
r-devel-linux-x86_64-fedora-clang | 2.0.7 | 126.00 | 84.14 | 210.14 | OK | |
r-devel-linux-x86_64-fedora-gcc | 2.0.7 | 121.00 | 74.31 | 195.31 | OK | |
r-devel-windows-x86_64 | 2.0.7 | 83.00 | 77.00 | 160.00 | OK | |
r-patched-linux-x86_64 | 2.0.7 | 71.48 | 39.66 | 111.14 | OK | |
r-release-linux-x86_64 | 2.0.7 | 69.13 | 39.48 | 108.61 | OK | |
r-release-macos-arm64 | 2.0.7 | 27.00 | 21.00 | 48.00 | OK | |
r-release-macos-x86_64 | 2.0.7 | 29.00 | 36.00 | 65.00 | OK | |
r-release-windows-x86_64 | 2.0.7 | 82.00 | 79.00 | 161.00 | OK | |
r-oldrel-macos-arm64 | 2.0.7 | 25.00 | 24.00 | 49.00 | NOTE | |
r-oldrel-macos-x86_64 | 2.0.7 | 31.00 | 41.00 | 72.00 | NOTE | |
r-oldrel-windows-x86_64 | 2.0.7 | 98.00 | 87.00 | 185.00 | OK |
Version: 2.0.7
Check: installed package size
Result: NOTE
installed size is 6.2Mb
sub-directories of 1Mb or more:
libs 5.9Mb
Flavors: r-oldrel-macos-arm64, r-oldrel-macos-x86_64
These binaries (installable software) and packages are in development.
They may not be fully stable and should be used with caution. We make no claims about them.