Last updated on 2024-05-04 03:50:38 CEST.
Flavor | Version | Tinstall | Tcheck | Ttotal | Status | Flags |
---|---|---|---|---|---|---|
r-devel-linux-x86_64-debian-clang | 1.0.0 | 6.71 | 54.82 | 61.53 | NOTE | |
r-devel-linux-x86_64-fedora-clang | 1.0.0 | 76.99 | NOTE | |||
r-devel-linux-x86_64-fedora-gcc | 1.0.0 | 93.75 | NOTE | |||
r-devel-windows-x86_64 | 1.0.0 | 6.00 | 75.00 | 81.00 | NOTE | |
r-patched-linux-x86_64 | 1.0.0 | 5.53 | 53.36 | 58.89 | NOTE | |
r-release-linux-x86_64 | 1.0.0 | 6.26 | 53.49 | 59.75 | NOTE | |
r-release-macos-arm64 | 1.0.0 | 32.00 | OK | |||
r-release-windows-x86_64 | 1.0.0 | 6.00 | 73.00 | 79.00 | NOTE | |
r-oldrel-macos-arm64 | 1.0.0 | 44.00 | OK | |||
r-oldrel-macos-x86_64 | 1.0.0 | 74.00 | OK | |||
r-oldrel-windows-x86_64 | 1.0.0 | 6.00 | 77.00 | 83.00 | OK |
Version: 1.0.0
Check: HTML version of manual
Result: NOTE
Found the following HTML validation problems:
get_logger.html:57:1 (get_logger.Rd:21): Warning: trimming empty <dt>
Flavors: r-devel-linux-x86_64-debian-clang, r-devel-linux-x86_64-fedora-clang, r-devel-linux-x86_64-fedora-gcc, r-devel-windows-x86_64, r-patched-linux-x86_64, r-release-linux-x86_64, r-release-windows-x86_64
These binaries (installable software) and packages are in development.
They may not be fully stable and should be used with caution. We make no claims about them.